CRAN Package Check Results for Package tRophicPosition

Last updated on 2020-09-25 16:50:20 CEST.

Flavor Version Tinstall Tcheck Ttotal Status Flags
r-devel-linux-x86_64-debian-clang 0.7.7 7.07 85.59 92.66 OK
r-devel-linux-x86_64-debian-gcc 0.7.7 5.76 66.79 72.55 OK
r-devel-linux-x86_64-fedora-clang 0.7.7 135.54 NOTE
r-devel-linux-x86_64-fedora-gcc 0.7.7 111.68 OK
r-devel-windows-ix86+x86_64 0.7.7 13.00 117.00 130.00 OK
r-patched-linux-x86_64 0.7.7 8.21 82.99 91.20 OK
r-patched-solaris-x86 0.7.7 162.80 OK
r-release-linux-x86_64 0.7.7 7.35 83.11 90.46 OK
r-release-macos-x86_64 0.7.7 OK
r-release-windows-ix86+x86_64 0.7.7 15.00 122.00 137.00 OK
r-oldrel-macos-x86_64 0.7.7 OK
r-oldrel-windows-ix86+x86_64 0.7.7 12.00 109.00 121.00 OK

Check Details

Version: 0.7.7
Check: Rd cross-references
Result: NOTE
    Undeclared package ‘SIBER’ in Rd xrefs
Flavor: r-devel-linux-x86_64-fedora-clang