CRAN Package Check Results for Package taxize

Last updated on 2020-10-29 15:51:19 CET.

Flavor Version Tinstall Tcheck Ttotal Status Flags
r-devel-linux-x86_64-debian-clang 0.9.98 19.21 120.47 139.68 OK
r-devel-linux-x86_64-debian-gcc 0.9.98 14.88 89.20 104.08 OK
r-devel-linux-x86_64-fedora-clang 0.9.98 187.85 ERROR
r-devel-linux-x86_64-fedora-gcc 0.9.98 174.86 ERROR
r-devel-windows-ix86+x86_64 0.9.98 32.00 125.00 157.00 OK
r-patched-linux-x86_64 0.9.98 17.05 110.45 127.50 OK
r-patched-solaris-x86 0.9.98 207.80 ERROR
r-release-linux-x86_64 0.9.98 20.41 110.94 131.35 OK
r-release-macos-x86_64 0.9.98 OK
r-release-windows-ix86+x86_64 0.9.98 29.00 159.00 188.00 OK
r-oldrel-macos-x86_64 0.9.98 OK
r-oldrel-windows-ix86+x86_64 0.9.98 32.00 147.00 179.00 OK

Check Details

Version: 0.9.98
Check: tests
Result: ERROR
     Running ‘test-all.R’ [8s/17s]
    Running the tests in ‘tests/test-all.R’ failed.
    Complete output:
     > library(testthat)
     > library("taxize")
     > test_check("taxize")
     taxize options
     taxon_state_messages: TRUE
     ── 1. Failure: use_iucn produces expected URL and message (@test-key_helpers.R#4
     use_iucn() not equal to "http://apiv3.iucnredlist.org/api/v3/token".
     1/1 mismatches
     x[1]: "https://apiv3.iucnredlist.org/api/v3/token"
     y[1]: "http://apiv3.iucnredlist.org/api/v3/token"
    
     ══ testthat results ═══════════════════════════════════════════════════════════
     [ OK: 74 | SKIPPED: 216 | WARNINGS: 0 | FAILED: 1 ]
     1. Failure: use_iucn produces expected URL and message (@test-key_helpers.R#4)
    
     Error: testthat unit tests failed
     Execution halted
Flavor: r-devel-linux-x86_64-fedora-clang

Version: 0.9.98
Check: tests
Result: ERROR
     Running ‘test-all.R’ [8s/18s]
    Running the tests in ‘tests/test-all.R’ failed.
    Complete output:
     > library(testthat)
     > library("taxize")
     > test_check("taxize")
     taxize options
     taxon_state_messages: TRUE
     ── 1. Failure: use_iucn produces expected URL and message (@test-key_helpers.R#4
     use_iucn() not equal to "http://apiv3.iucnredlist.org/api/v3/token".
     1/1 mismatches
     x[1]: "https://apiv3.iucnredlist.org/api/v3/token"
     y[1]: "http://apiv3.iucnredlist.org/api/v3/token"
    
     ══ testthat results ═══════════════════════════════════════════════════════════
     [ OK: 74 | SKIPPED: 216 | WARNINGS: 0 | FAILED: 1 ]
     1. Failure: use_iucn produces expected URL and message (@test-key_helpers.R#4)
    
     Error: testthat unit tests failed
     Execution halted
Flavor: r-devel-linux-x86_64-fedora-gcc

Version: 0.9.98
Check: tests
Result: ERROR
     Running ‘test-all.R’ [10s/15s]
    Running the tests in ‘tests/test-all.R’ failed.
    Complete output:
     > library(testthat)
     > library("taxize")
     > test_check("taxize")
     taxize options
     taxon_state_messages: TRUE
     ── 1. Failure: use_iucn produces expected URL and message (@test-key_helpers.R#4
     use_iucn() not equal to "http://apiv3.iucnredlist.org/api/v3/token".
     1/1 mismatches
     x[1]: "https://apiv3.iucnredlist.org/api/v3/token"
     y[1]: "http://apiv3.iucnredlist.org/api/v3/token"
    
     ══ testthat results ═══════════════════════════════════════════════════════════
     [ OK: 74 | SKIPPED: 216 | WARNINGS: 0 | FAILED: 1 ]
     1. Failure: use_iucn produces expected URL and message (@test-key_helpers.R#4)
    
     Error: testthat unit tests failed
     Execution halted
Flavor: r-patched-solaris-x86