CRAN Package Check Results for Package tinytex

Last updated on 2019-10-20 08:47:32 CEST.

Flavor Version Tinstall Tcheck Ttotal Status Flags
r-devel-linux-x86_64-debian-clang 0.16 2.34 23.34 25.68 OK
r-devel-linux-x86_64-debian-gcc 0.16 2.14 19.52 21.66 OK
r-devel-linux-x86_64-fedora-clang 0.16 42.92 OK
r-devel-linux-x86_64-fedora-gcc 0.16 45.07 OK
r-devel-windows-ix86+x86_64 0.16 5.00 46.00 51.00 OK
r-patched-linux-x86_64 0.16 2.01 23.31 25.32 OK
r-patched-solaris-x86 0.16 64.20 OK
r-release-linux-x86_64 0.16 2.01 23.80 25.81 OK
r-release-windows-ix86+x86_64 0.16 9.00 51.00 60.00 OK
r-release-osx-x86_64 0.16 NOTE
r-oldrel-windows-ix86+x86_64 0.16 3.00 30.00 33.00 OK
r-oldrel-osx-x86_64 0.16 NOTE

Check Details

Version: 0.16
Check: dependencies in R code
Result: NOTE
    No protocol specified
    No protocol specified
Flavors: r-release-osx-x86_64, r-oldrel-osx-x86_64