CRAN Package Check Results for Package trackdf

Last updated on 2020-01-29 07:52:31 CET.

Flavor Version Tinstall Tcheck Ttotal Status Flags
r-devel-linux-x86_64-debian-clang 0.2.1 3.16 70.04 73.20 OK
r-devel-linux-x86_64-debian-gcc 0.2.1 2.41 54.73 57.14 OK
r-devel-linux-x86_64-fedora-clang 0.2.1 92.07 NOTE
r-devel-linux-x86_64-fedora-gcc 0.2.1 85.24 NOTE
r-devel-windows-ix86+x86_64 0.2.1 7.00 141.00 148.00 OK
r-devel-windows-ix86+x86_64-gcc8 0.2.1 15.00 103.00 118.00 OK
r-patched-linux-x86_64 0.2.1 OK
r-patched-solaris-x86 0.2.1 104.90 NOTE
r-release-linux-x86_64 0.2.1 2.55 62.71 65.26 OK
r-release-windows-ix86+x86_64 0.2.1 7.00 98.00 105.00 OK
r-release-osx-x86_64 0.2.1 NOTE
r-oldrel-windows-ix86+x86_64 0.2.1 7.00 91.00 98.00 OK
r-oldrel-osx-x86_64 0.2.1 NOTE

Check Details

Version: 0.2.1
Check: dependencies in R code
Result: NOTE
    Namespace in Imports field not imported from: ‘rgdal’
     All declared Imports should be used.
Flavors: r-devel-linux-x86_64-fedora-clang, r-devel-linux-x86_64-fedora-gcc, r-patched-solaris-x86, r-release-osx-x86_64, r-oldrel-osx-x86_64

Version: 0.2.1
Check: package dependencies
Result: NOTE
    Package suggested but not available for checking: ‘moveVis’
Flavor: r-patched-solaris-x86

Version: 0.2.1
Check: installed package size
Result: NOTE
     installed size is 5.6Mb
     sub-directories of 1Mb or more:
     extdata 5.3Mb
Flavor: r-patched-solaris-x86

Version: 0.2.1
Check: Rd cross-references
Result: NOTE
    Package unavailable to check Rd xrefs: ‘moveVis’
Flavor: r-patched-solaris-x86