CRAN Package Check Results for Package wellknown

Last updated on 2020-10-29 15:51:21 CET.

Flavor Version Tinstall Tcheck Ttotal Status Flags
r-devel-linux-x86_64-debian-clang 0.7.0 185.93 39.80 225.73 OK
r-devel-linux-x86_64-debian-gcc 0.7.0 135.13 30.85 165.98 OK
r-devel-linux-x86_64-fedora-clang 0.7.0 332.65 NOTE
r-devel-linux-x86_64-fedora-gcc 0.7.0 292.40 OK
r-devel-windows-ix86+x86_64 0.7.0 378.00 79.00 457.00 OK
r-patched-linux-x86_64 0.7.0 166.65 38.21 204.86 OK
r-patched-solaris-x86 0.7.0 247.80 OK
r-release-linux-x86_64 0.7.0 170.95 37.84 208.79 OK
r-release-macos-x86_64 0.7.0 NOTE
r-release-windows-ix86+x86_64 0.7.0 304.00 95.00 399.00 OK
r-oldrel-macos-x86_64 0.7.0 NOTE
r-oldrel-windows-ix86+x86_64 0.7.0 241.00 64.00 305.00 OK

Check Details

Version: 0.7.0
Check: installed package size
Result: NOTE
     installed size is 18.8Mb
     sub-directories of 1Mb or more:
     libs 18.5Mb
Flavors: r-devel-linux-x86_64-fedora-clang, r-release-macos-x86_64, r-oldrel-macos-x86_64