CRAN Package Check Results for Package wordbankr

Last updated on 2019-09-17 00:49:29 CEST.

Flavor Version Tinstall Tcheck Ttotal Status Flags
r-devel-linux-x86_64-debian-clang 0.3.0 3.73 39.68 43.41 OK
r-devel-linux-x86_64-debian-gcc 0.3.0 OK
r-devel-linux-x86_64-fedora-clang 0.3.0 53.88 NOTE
r-devel-linux-x86_64-fedora-gcc 0.3.0 52.62 NOTE
r-devel-windows-ix86+x86_64 0.3.0 16.00 154.00 170.00 OK
r-patched-linux-x86_64 0.3.0 3.32 38.91 42.23 OK
r-patched-solaris-x86 0.3.0 76.40 NOTE
r-release-linux-x86_64 0.3.0 3.22 40.35 43.57 OK
r-release-windows-ix86+x86_64 0.3.0 10.00 188.00 198.00 OK
r-release-osx-x86_64 0.3.0 NOTE
r-oldrel-windows-ix86+x86_64 0.3.0 8.00 168.00 176.00 OK
r-oldrel-osx-x86_64 0.3.0 NOTE

Check Details

Version: 0.3.0
Check: dependencies in R code
Result: NOTE
    Namespace in Imports field not imported from: ‘dbplyr’
     All declared Imports should be used.
Flavors: r-devel-linux-x86_64-fedora-clang, r-devel-linux-x86_64-fedora-gcc, r-patched-solaris-x86, r-release-osx-x86_64, r-oldrel-osx-x86_64