CRAN Package Check Results for Package wordbankr

Last updated on 2020-01-29 07:52:32 CET.

Flavor Version Tinstall Tcheck Ttotal Status Flags
r-devel-linux-x86_64-debian-clang 0.3.0 4.03 45.45 49.48 OK
r-devel-linux-x86_64-debian-gcc 0.3.0 2.84 34.94 37.78 OK
r-devel-linux-x86_64-fedora-clang 0.3.0 58.06 NOTE
r-devel-linux-x86_64-fedora-gcc 0.3.0 56.14 NOTE
r-devel-windows-ix86+x86_64 0.3.0 10.00 172.00 182.00 OK
r-devel-windows-ix86+x86_64-gcc8 0.3.0 18.00 156.00 174.00 OK
r-patched-linux-x86_64 0.3.0 OK
r-patched-solaris-x86 0.3.0 76.50 NOTE
r-release-linux-x86_64 0.3.0 4.03 40.66 44.69 OK
r-release-windows-ix86+x86_64 0.3.0 10.00 154.00 164.00 OK
r-release-osx-x86_64 0.3.0 NOTE
r-oldrel-windows-ix86+x86_64 0.3.0 6.00 167.00 173.00 OK
r-oldrel-osx-x86_64 0.3.0 NOTE

Check Details

Version: 0.3.0
Check: dependencies in R code
Result: NOTE
    Namespace in Imports field not imported from: ‘dbplyr’
     All declared Imports should be used.
Flavors: r-devel-linux-x86_64-fedora-clang, r-devel-linux-x86_64-fedora-gcc, r-patched-solaris-x86, r-release-osx-x86_64, r-oldrel-osx-x86_64