CRAN Package Check Results for Package ACDm

Last updated on 2021-12-07 23:54:20 CET.

Flavor Version Tinstall Tcheck Ttotal Status Flags
r-devel-linux-x86_64-debian-clang 1.0.4 16.23 87.39 103.62 OK
r-devel-linux-x86_64-debian-gcc 1.0.4 12.70 72.65 85.35 OK
r-devel-linux-x86_64-fedora-clang 1.0.4 143.30 NOTE
r-devel-linux-x86_64-fedora-gcc 1.0.4 137.98 NOTE
r-devel-windows-x86_64-new-UL 1.0.4 41.00 158.00 199.00 OK
r-devel-windows-x86_64-new-TK 1.0.4 OK
r-devel-windows-x86_64-old 1.0.4 28.00 130.00 158.00 OK
r-patched-linux-x86_64 1.0.4 19.56 95.64 115.20 OK
r-release-linux-x86_64 1.0.4 15.74 92.26 108.00 OK
r-release-macos-arm64 1.0.4 OK
r-release-macos-x86_64 1.0.4 OK
r-release-windows-ix86+x86_64 1.0.4 33.00 171.00 204.00 OK
r-oldrel-macos-x86_64 1.0.4 OK
r-oldrel-windows-ix86+x86_64 1.0.4 41.00 178.00 219.00 OK

Check Details

Version: 1.0.4
Check: compiled code
Result: NOTE
    File ‘ACDm/libs/ACDm.so’:
     Found no calls to: ‘R_registerRoutines’, ‘R_useDynamicSymbols’
    
    It is good practice to register native routines and to disable symbol
    search.
    
    See ‘Writing portable packages’ in the ‘Writing R Extensions’ manual.
Flavors: r-devel-linux-x86_64-fedora-clang, r-devel-linux-x86_64-fedora-gcc