CRAN Package Check Results for Package AGPRIS

Last updated on 2021-12-07 23:54:21 CET.

Flavor Version Tinstall Tcheck Ttotal Status Flags
r-devel-linux-x86_64-debian-clang 1.0 3.98 41.32 45.30 NOTE
r-devel-linux-x86_64-debian-gcc 1.0 3.83 38.56 42.39 NOTE
r-devel-linux-x86_64-fedora-clang 1.0 67.96 NOTE
r-devel-linux-x86_64-fedora-gcc 1.0 60.50 NOTE
r-devel-windows-x86_64-new-UL 1.0 13.00 77.00 90.00 NOTE
r-devel-windows-x86_64-new-TK 1.0 NOTE
r-devel-windows-x86_64-old 1.0 8.00 63.00 71.00 OK
r-patched-linux-x86_64 1.0 4.95 50.71 55.66 NOTE
r-release-linux-x86_64 1.0 3.96 50.46 54.42 NOTE
r-release-macos-arm64 1.0 NOTE
r-release-macos-x86_64 1.0 NOTE
r-release-windows-ix86+x86_64 1.0 8.00 62.00 70.00 OK
r-oldrel-macos-x86_64 1.0 NOTE
r-oldrel-windows-ix86+x86_64 1.0 10.00 61.00 71.00 OK

Check Details

Version: 1.0
Check: package dependencies
Result: NOTE
    Package suggested but not available for checking: 'INLA'
Flavors: r-devel-linux-x86_64-debian-clang, r-devel-linux-x86_64-debian-gcc, r-devel-windows-x86_64-new-UL, r-devel-windows-x86_64-new-TK, r-patched-linux-x86_64, r-release-linux-x86_64, r-release-macos-arm64, r-release-macos-x86_64, r-oldrel-macos-x86_64

Version: 1.0
Check: dependencies in R code
Result: NOTE
    Namespace in Imports field not imported from: ‘rgdal’
     All declared Imports should be used.
Flavors: r-devel-linux-x86_64-fedora-clang, r-devel-linux-x86_64-fedora-gcc, r-devel-windows-x86_64-new-TK, r-release-macos-arm64, r-release-macos-x86_64, r-oldrel-macos-x86_64