CRAN Package Check Results for Package AICcmodavg

Last updated on 2021-10-25 00:49:03 CEST.

Flavor Version Tinstall Tcheck Ttotal Status Flags
r-devel-linux-x86_64-debian-clang 2.3-1 90.77 562.08 652.85 OK
r-devel-linux-x86_64-debian-gcc 2.3-1 77.22 412.22 489.44 OK
r-devel-linux-x86_64-fedora-clang 2.3-1 793.93 NOTE
r-devel-linux-x86_64-fedora-gcc 2.3-1 791.47 OK
r-devel-windows-x86_64 2.3-1 142.00 605.00 747.00 OK
r-devel-windows-x86_64-gcc10-UCRT 2.3-1 OK
r-patched-linux-x86_64 2.3-1 98.93 551.07 650.00 OK
r-patched-solaris-x86 2.3-1 869.70 NOTE
r-release-linux-x86_64 2.3-1 82.40 557.93 640.33 OK
r-release-macos-arm64 2.3-1 NOTE
r-release-macos-x86_64 2.3-1 OK
r-release-windows-ix86+x86_64 2.3-1 119.00 588.00 707.00 OK
r-oldrel-macos-x86_64 2.3-1 OK
r-oldrel-windows-ix86+x86_64 2.3-1 133.00 452.00 585.00 OK

Check Details

Version: 2.3-1
Check: Rd cross-references
Result: NOTE
    Undeclared packages ‘multcomp’, ‘gmodels’ in Rd xrefs
Flavor: r-devel-linux-x86_64-fedora-clang

Version: 2.3-1
Check: package dependencies
Result: NOTE
    Package suggested but not available for checking: ‘glmmTMB’
Flavor: r-patched-solaris-x86

Version: 2.3-1
Check: package dependencies
Result: NOTE
    Packages suggested but not available for checking: 'R2jags', 'jagsUI'
Flavor: r-release-macos-arm64