CRAN Package Check Results for Package ANOM

Last updated on 2024-06-12 20:58:48 CEST.

Flavor Version Tinstall Tcheck Ttotal Status Flags
r-devel-linux-x86_64-debian-clang 0.5 13.49 126.56 140.05 OK
r-devel-linux-x86_64-debian-gcc 0.5 0.31 1.87 2.18 ERROR
r-devel-linux-x86_64-fedora-clang 0.5 177.49 OK
r-devel-linux-x86_64-fedora-gcc 0.5 179.40 OK
r-devel-windows-x86_64 0.5 11.00 122.00 133.00 OK
r-patched-linux-x86_64 0.5 11.48 122.92 134.40 OK
r-release-linux-x86_64 0.5 11.76 123.63 135.39 OK
r-release-macos-arm64 0.5 57.00 OK
r-release-macos-x86_64 0.5 83.00 WARN
r-release-windows-x86_64 0.5 12.00 134.00 146.00 OK
r-oldrel-macos-arm64 0.5 65.00 OK
r-oldrel-macos-x86_64 0.5 124.00 OK
r-oldrel-windows-x86_64 0.5 16.00 138.00 154.00 OK

Check Details

Version: 0.5
Check: package dependencies
Result: ERROR Package required but not available: ‘ggplot2’ Package suggested but not available for checking: ‘lme4’ See section ‘The DESCRIPTION file’ in the ‘Writing R Extensions’ manual. Flavor: r-devel-linux-x86_64-debian-gcc

Version: 0.5
Check: re-building of vignette outputs
Result: WARN Error(s) in re-building vignettes: ... --- re-building ‘ANOM.Rnw’ using knitr Error: processing vignette 'ANOM.Rnw' failed with diagnostics: Running 'texi2dvi' on 'ANOM.tex' failed. LaTeX errors: ! Undefined control sequence. l.108 \hlkwd{library}\hldef {(ANOM)} ? ! Emergency stop. ! Emergency stop. l.108 End of file on the terminal! ! ==> Fatal error occurred, no output PDF file produced! --- failed re-building ‘ANOM.Rnw’ SUMMARY: processing the following file failed: ‘ANOM.Rnw’ Error: Vignette re-building failed. Execution halted Flavor: r-release-macos-x86_64