CRAN Package Check Results for Package ANOVAShiny2

Last updated on 2024-03-05 08:18:21 CET.

Flavor Version Tinstall Tcheck Ttotal Status Flags
r-devel-linux-x86_64-debian-clang 0.1.0 2.25 20.23 22.48 NOTE
r-devel-linux-x86_64-debian-gcc 0.1.0 1.85 15.81 17.66 NOTE
r-devel-linux-x86_64-fedora-clang 0.1.0 27.95 NOTE
r-devel-linux-x86_64-fedora-gcc 0.1.0 26.62 NOTE
r-devel-windows-x86_64 0.1.0 4.00 37.00 41.00 NOTE
r-patched-linux-x86_64 0.1.0 1.40 19.77 21.17 NOTE
r-release-linux-x86_64 0.1.0 1.60 20.81 22.41 NOTE
r-release-macos-arm64 0.1.0 15.00 NOTE
r-release-macos-x86_64 0.1.0 18.00 NOTE
r-release-windows-x86_64 0.1.0 4.00 37.00 41.00 NOTE
r-oldrel-macos-arm64 0.1.0 15.00 NOTE
r-oldrel-windows-x86_64 0.1.0 5.00 42.00 47.00 NOTE

Check Details

Version: 0.1.0
Check: LazyData
Result: NOTE 'LazyData' is specified without a 'data' directory Flavors: r-devel-linux-x86_64-debian-clang, r-devel-linux-x86_64-debian-gcc, r-devel-linux-x86_64-fedora-clang, r-devel-linux-x86_64-fedora-gcc, r-devel-windows-x86_64, r-patched-linux-x86_64, r-release-linux-x86_64, r-release-macos-arm64, r-release-macos-x86_64, r-release-windows-x86_64, r-oldrel-macos-arm64, r-oldrel-windows-x86_64

Version: 0.1.0
Check: dependencies in R code
Result: NOTE Namespaces in Imports field not imported from: ‘DescTools’ ‘HH’ ‘datasets’ ‘dplyr’ ‘rhandsontable’ ‘shiny’ All declared Imports should be used. Flavors: r-devel-linux-x86_64-fedora-clang, r-devel-linux-x86_64-fedora-gcc, r-oldrel-macos-arm64