Last updated on 2023-03-30 20:49:04 CEST.
Flavor | Version | Tinstall | Tcheck | Ttotal | Status | Flags |
---|---|---|---|---|---|---|
r-devel-linux-x86_64-debian-clang | 0.0.16 | 776.50 | 166.34 | 942.84 | NOTE | |
r-devel-linux-x86_64-debian-gcc | 0.0.16 | 600.63 | 125.45 | 726.08 | NOTE | |
r-devel-linux-x86_64-fedora-clang | 0.0.16 | 1609.32 | NOTE | |||
r-devel-linux-x86_64-fedora-gcc | 0.0.16 | 1264.26 | NOTE | |||
r-devel-windows-x86_64 | 0.0.16 | 630.00 | 269.00 | 899.00 | NOTE | |
r-patched-linux-x86_64 | 0.0.16 | 660.35 | 159.55 | 819.90 | NOTE | |
r-release-linux-x86_64 | 0.0.16 | 613.95 | 143.70 | 757.65 | OK | |
r-release-macos-arm64 | 0.0.16 | 224.00 | NOTE | |||
r-release-macos-x86_64 | 0.0.16 | 345.00 | NOTE | |||
r-release-windows-x86_64 | 0.0.16 | 897.00 | 256.00 | 1153.00 | OK | |
r-oldrel-macos-arm64 | 0.0.16 | 195.00 | NOTE | |||
r-oldrel-macos-x86_64 | 0.0.16 | 345.00 | NOTE | |||
r-oldrel-windows-ix86+x86_64 | 0.0.16 | 1733.00 | 245.00 | 1978.00 | NOTE |
Version: 0.0.16
Check: C++ specification
Result: NOTE
Specified C++11: please drop specification unless essential
Flavors: r-devel-linux-x86_64-debian-clang, r-devel-linux-x86_64-debian-gcc, r-devel-linux-x86_64-fedora-clang, r-devel-linux-x86_64-fedora-gcc, r-devel-windows-x86_64, r-patched-linux-x86_64
Version: 0.0.16
Check: installed package size
Result: NOTE
installed size is 16.4Mb
sub-directories of 1Mb or more:
libs 14.2Mb
Flavors: r-release-macos-arm64, r-release-macos-x86_64, r-oldrel-macos-arm64, r-oldrel-macos-x86_64, r-oldrel-windows-ix86+x86_64