CRAN Package Check Results for Package APML

Last updated on 2021-12-07 19:49:37 CET.

Flavor Version Tinstall Tcheck Ttotal Status Flags
r-devel-linux-x86_64-debian-clang 0.0.2 7.81 64.58 72.39 OK
r-devel-linux-x86_64-debian-gcc 0.0.2 6.32 55.26 61.58 OK
r-devel-linux-x86_64-fedora-clang 0.0.2 104.20 NOTE
r-devel-linux-x86_64-fedora-gcc 0.0.2 84.01 NOTE
r-devel-windows-x86_64-new-UL 0.0.2 17.00 101.00 118.00 OK
r-devel-windows-x86_64-new-TK 0.0.2 NOTE
r-devel-windows-x86_64-old 0.0.2 13.00 88.00 101.00 OK
r-patched-linux-x86_64 0.0.2 7.61 70.86 78.47 OK
r-release-linux-x86_64 0.0.2 7.88 68.25 76.13 OK
r-release-macos-arm64 0.0.2 NOTE
r-release-macos-x86_64 0.0.2 NOTE
r-release-windows-ix86+x86_64 0.0.2 14.00 85.00 99.00 OK
r-oldrel-macos-x86_64 0.0.2 NOTE
r-oldrel-windows-ix86+x86_64 0.0.2 18.00 89.00 107.00 OK

Check Details

Version: 0.0.2
Check: dependencies in R code
Result: NOTE
    Namespaces in Imports field not imported from:
     ‘survival’ ‘tidyverse’
     All declared Imports should be used.
Flavors: r-devel-linux-x86_64-fedora-clang, r-devel-linux-x86_64-fedora-gcc, r-devel-windows-x86_64-new-TK, r-release-macos-arm64, r-release-macos-x86_64, r-oldrel-macos-x86_64