Last updated on 2023-12-05 07:48:24 CET.
Flavor | Version | Tinstall | Tcheck | Ttotal | Status | Flags |
---|---|---|---|---|---|---|
r-devel-linux-x86_64-debian-clang | 0.2.4 | 8.93 | 297.72 | 306.65 | NOTE | |
r-devel-linux-x86_64-debian-gcc | 0.2.4 | 6.84 | 218.61 | 225.45 | NOTE | |
r-devel-linux-x86_64-fedora-clang | 0.2.4 | 366.96 | OK | |||
r-devel-linux-x86_64-fedora-gcc | 0.2.4 | 371.32 | OK | |||
r-devel-windows-x86_64 | 0.2.4 | 10.00 | 235.00 | 245.00 | OK | |
r-patched-linux-x86_64 | 0.2.4 | 11.17 | 287.19 | 298.36 | OK | |
r-release-linux-x86_64 | 0.2.4 | 6.90 | 280.91 | 287.81 | OK | |
r-release-macos-arm64 | 0.2.4 | 100.00 | OK | |||
r-release-macos-x86_64 | 0.2.4 | 173.00 | OK | |||
r-release-windows-x86_64 | 0.2.4 | 12.00 | 283.00 | 295.00 | OK | |
r-oldrel-macos-arm64 | 0.2.4 | 95.00 | OK | |||
r-oldrel-macos-x86_64 | 0.2.4 | 127.00 | OK | |||
r-oldrel-windows-x86_64 | 0.2.4 | 11.00 | 281.00 | 292.00 | OK |
Version: 0.2.4
Check: Rd files
Result: NOTE
checkRd: (-1) recm.Rd:55: Lost braces; missing escapes or markup?
55 | {In all cases,} \eqn{x_{j,t-1}} {in} \eqn{ECT} {is replaced by} \eqn{x_{j,t} \;\;\;\;\; \forall \;\; q_{j} = 0}
| ^
checkRd: (-1) recm.Rd:55: Lost braces; missing escapes or markup?
55 | {In all cases,} \eqn{x_{j,t-1}} {in} \eqn{ECT} {is replaced by} \eqn{x_{j,t} \;\;\;\;\; \forall \;\; q_{j} = 0}
| ^
checkRd: (-1) recm.Rd:55: Lost braces; missing escapes or markup?
55 | {In all cases,} \eqn{x_{j,t-1}} {in} \eqn{ECT} {is replaced by} \eqn{x_{j,t} \;\;\;\;\; \forall \;\; q_{j} = 0}
| ^
checkRd: (-1) uecm.Rd:76: Lost braces; missing escapes or markup?
76 | {In addition,} \eqn{x_{j,t-1}} {and} \eqn{\Delta x_{j,t}} {cancel out
| ^
checkRd: (-1) uecm.Rd:76: Lost braces; missing escapes or markup?
76 | {In addition,} \eqn{x_{j,t-1}} {and} \eqn{\Delta x_{j,t}} {cancel out
| ^
checkRd: (-1) uecm.Rd:76-77: Lost braces
76 | {In addition,} \eqn{x_{j,t-1}} {and} \eqn{\Delta x_{j,t}} {cancel out
| ^
Flavors: r-devel-linux-x86_64-debian-clang, r-devel-linux-x86_64-debian-gcc