CRAN Package Check Results for Package ARIMAANN

Last updated on 2024-06-12 20:58:48 CEST.

Flavor Version Tinstall Tcheck Ttotal Status Flags
r-devel-linux-x86_64-debian-clang 0.1.0 5.98 63.92 69.90 OK
r-devel-linux-x86_64-debian-gcc 0.1.0 0.26 1.71 1.97 ERROR
r-devel-linux-x86_64-fedora-clang 0.1.0 89.12 OK
r-devel-linux-x86_64-fedora-gcc 0.1.0 83.51 OK
r-devel-windows-x86_64 0.1.0 7.00 64.00 71.00 OK
r-patched-linux-x86_64 0.1.0 7.09 62.34 69.43 OK
r-release-linux-x86_64 0.1.0 6.67 64.07 70.74 OK
r-release-macos-arm64 0.1.0 40.00 OK
r-release-macos-x86_64 0.1.0 69.00 OK
r-release-windows-x86_64 0.1.0 9.00 64.00 73.00 OK
r-oldrel-macos-arm64 0.1.0 41.00 OK
r-oldrel-macos-x86_64 0.1.0 44.00 OK
r-oldrel-windows-x86_64 0.1.0 9.00 73.00 82.00 OK

Check Details

Version: 0.1.0
Check: package dependencies
Result: ERROR Package required but not available: ‘forecast’ See section ‘The DESCRIPTION file’ in the ‘Writing R Extensions’ manual. Flavor: r-devel-linux-x86_64-debian-gcc