CRAN Package Check Results for Package ATAforecasting

Last updated on 2021-10-27 13:07:51 CEST.

Flavor Version Tinstall Tcheck Ttotal Status Flags
r-devel-linux-x86_64-debian-clang 0.0.55 54.52 192.52 247.04 OK
r-devel-linux-x86_64-debian-gcc 0.0.55 41.35 138.84 180.19 OK
r-devel-linux-x86_64-fedora-clang 0.0.55 313.44 OK
r-devel-linux-x86_64-fedora-gcc 0.0.55 291.40 OK
r-devel-windows-x86_64 0.0.55 77.00 226.00 303.00 OK
r-devel-windows-x86_64-gcc10-UCRT 0.0.55 OK
r-patched-linux-x86_64 0.0.55 58.67 180.69 239.36 OK
r-patched-solaris-x86 0.0.55 4.90 ERROR
r-release-linux-x86_64 0.0.55 48.51 182.84 231.35 OK
r-release-macos-arm64 0.0.55 OK
r-release-macos-x86_64 0.0.55 OK
r-release-windows-ix86+x86_64 0.0.53 95.00 315.00 410.00 OK
r-oldrel-macos-x86_64 0.0.54 WARN
r-oldrel-windows-ix86+x86_64 0.0.54 100.00 225.00 325.00 OK

Check Details

Version: 0.0.55
Check: package dependencies
Result: ERROR
    Package required but not available: ‘seasonal’
    
    See section ‘The DESCRIPTION file’ in the ‘Writing R Extensions’
    manual.
Flavor: r-patched-solaris-x86

Version: 0.0.54
Check: Rd files
Result: WARN
    prepare_Rd: undefined subclass "numericVector" of class "Mnumeric"; definition not updated
Flavor: r-oldrel-macos-x86_64