CRAN Package Check Results for Package AdMit

Last updated on 2021-09-23 12:57:35 CEST.

Flavor Version Tinstall Tcheck Ttotal Status Flags
r-devel-linux-x86_64-debian-clang 2.1.8 3.37 30.46 33.83 OK
r-devel-linux-x86_64-debian-gcc 2.1.8 2.67 23.58 26.25 OK
r-devel-linux-x86_64-fedora-clang 2.1.8 49.78 OK
r-devel-linux-x86_64-fedora-gcc 2.1.8 39.52 OK
r-devel-windows-x86_64 2.1.8 7.00 40.00 47.00 OK
r-devel-windows-x86_64-gcc10-UCRT 2.1.8 ERROR
r-patched-linux-x86_64 2.1.8 3.64 29.89 33.53 OK
r-patched-solaris-x86 2.1.8 58.00 OK
r-release-linux-x86_64 2.1.8 3.02 29.20 32.22 OK
r-release-macos-arm64 2.1.8 OK
r-release-macos-x86_64 2.1.8 OK
r-release-windows-ix86+x86_64 2.1.8 11.00 62.00 73.00 OK
r-oldrel-macos-x86_64 2.1.8 OK
r-oldrel-windows-ix86+x86_64 2.1.8 10.00 48.00 58.00 OK

Check Details

Version: 2.1.8
Check: whether package can be installed
Result: ERROR
    Installation failed.
Flavor: r-devel-windows-x86_64-gcc10-UCRT