CRAN Package Check Results for Package AdhereRViz

Last updated on 2021-10-27 13:07:51 CEST.

Flavor Version Tinstall Tcheck Ttotal Status Flags
r-devel-linux-x86_64-debian-clang 0.2.0 7.63 65.33 72.96 OK
r-devel-linux-x86_64-debian-gcc 0.2.0 5.30 48.67 53.97 OK
r-devel-linux-x86_64-fedora-clang 0.2.0 98.32 NOTE
r-devel-linux-x86_64-fedora-gcc 0.2.0 84.82 NOTE
r-devel-windows-x86_64 0.2.0 14.00 103.00 117.00 OK
r-devel-windows-x86_64-gcc10-UCRT 0.2.0 NOTE
r-patched-linux-x86_64 0.2.0 7.87 62.86 70.73 OK
r-release-linux-x86_64 0.2.0 7.92 63.37 71.29 OK
r-release-macos-arm64 0.2.0 NOTE
r-release-macos-x86_64 0.2.0 NOTE
r-release-windows-ix86+x86_64 0.2.0 16.00 86.00 102.00 OK
r-oldrel-macos-x86_64 0.2.0 NOTE
r-oldrel-windows-ix86+x86_64 0.2.0 22.00 83.00 105.00 OK

Check Details

Version: 0.2.0
Check: dependencies in R code
Result: NOTE
    Namespaces in Imports field not imported from:
     ‘lubridate’ ‘parallel’ ‘rsvg’ ‘scales’
     All declared Imports should be used.
Flavors: r-devel-linux-x86_64-fedora-clang, r-devel-linux-x86_64-fedora-gcc, r-devel-windows-x86_64-gcc10-UCRT, r-release-macos-arm64, r-release-macos-x86_64, r-oldrel-macos-x86_64