Last updated on 2023-01-28 03:55:44 CET.
Flavor | Version | Tinstall | Tcheck | Ttotal | Status | Flags |
---|---|---|---|---|---|---|
r-devel-linux-x86_64-debian-clang | 0.2.0 | 2.35 | 39.56 | 41.91 | OK | |
r-devel-linux-x86_64-debian-gcc | 0.2.0 | 2.07 | 30.43 | 32.50 | OK | |
r-devel-linux-x86_64-fedora-clang | 0.2.0 | 56.96 | NOTE | |||
r-devel-linux-x86_64-fedora-gcc | 0.2.0 | 62.58 | NOTE | |||
r-devel-windows-x86_64 | 0.2.0 | 26.00 | 71.00 | 97.00 | OK | |
r-patched-linux-x86_64 | 0.2.0 | 3.31 | 38.60 | 41.91 | OK | |
r-release-linux-x86_64 | 0.2.0 | 2.20 | 39.91 | 42.11 | OK | |
r-release-macos-arm64 | 0.2.0 | 25.00 | OK | |||
r-release-macos-x86_64 | 0.2.0 | 31.00 | OK | |||
r-release-windows-x86_64 | 0.2.0 | 31.00 | 75.00 | 106.00 | OK | |
r-oldrel-macos-arm64 | 0.2.0 | 27.00 | OK | |||
r-oldrel-macos-x86_64 | 0.2.0 | 33.00 | OK | |||
r-oldrel-windows-ix86+x86_64 | 0.2.0 | 9.00 | 89.00 | 98.00 | OK |
Version: 0.2.0
Check: dependencies in R code
Result: NOTE
Namespace in Imports field not imported from: ‘flextable’
All declared Imports should be used.
Flavors: r-devel-linux-x86_64-fedora-clang, r-devel-linux-x86_64-fedora-gcc