Last updated on 2023-03-23 03:53:13 CET.
Flavor | Version | Tinstall | Tcheck | Ttotal | Status | Flags |
---|---|---|---|---|---|---|
r-devel-linux-x86_64-debian-clang | 1.8.1 | 42.33 | 81.80 | 124.13 | NOTE | |
r-devel-linux-x86_64-debian-gcc | 1.8.1 | 34.22 | 61.52 | 95.74 | NOTE | |
r-devel-linux-x86_64-fedora-clang | 1.8.1 | 161.54 | NOTE | |||
r-devel-linux-x86_64-fedora-gcc | 1.8.1 | 168.51 | NOTE | |||
r-devel-windows-x86_64 | 1.8.1 | 73.00 | 133.00 | 206.00 | NOTE | |
r-patched-linux-x86_64 | 1.8.1 | 35.26 | 76.41 | 111.67 | OK | |
r-release-linux-x86_64 | 1.8.1 | 38.60 | 76.12 | 114.72 | OK | |
r-release-macos-arm64 | 1.8.1 | 57.00 | NOTE | |||
r-release-macos-x86_64 | 1.8.1 | 91.00 | NOTE | |||
r-release-windows-x86_64 | 1.8.1 | 81.00 | 136.00 | 217.00 | OK | |
r-oldrel-macos-arm64 | 1.8.1 | 60.00 | NOTE | |||
r-oldrel-macos-x86_64 | 1.8.1 | 95.00 | NOTE | |||
r-oldrel-windows-ix86+x86_64 | 1.8.1 | 96.00 | 148.00 | 244.00 | OK |
Version: 1.8.1
Check: C++ specification
Result: NOTE
Specified C++11: please drop specification unless essential
Flavors: r-devel-linux-x86_64-debian-clang, r-devel-linux-x86_64-debian-gcc, r-devel-linux-x86_64-fedora-clang, r-devel-linux-x86_64-fedora-gcc, r-devel-windows-x86_64
Version: 1.8.1
Check: installed package size
Result: NOTE
installed size is 6.0Mb
sub-directories of 1Mb or more:
doc 1.4Mb
libs 3.9Mb
Flavors: r-release-macos-arm64, r-release-macos-x86_64, r-oldrel-macos-arm64, r-oldrel-macos-x86_64