CRAN Package Check Results for Package Amelia

Last updated on 2021-09-23 00:48:29 CEST.

Flavor Version Tinstall Tcheck Ttotal Status Flags
r-devel-linux-x86_64-debian-clang 1.8.0 41.86 84.10 125.96 OK
r-devel-linux-x86_64-debian-gcc 1.8.0 31.40 63.41 94.81 OK
r-devel-linux-x86_64-fedora-clang 1.8.0 165.87 OK
r-devel-linux-x86_64-fedora-gcc 1.8.0 153.40 OK
r-devel-windows-x86_64 1.8.0 39.00 99.00 138.00 OK
r-devel-windows-x86_64-gcc10-UCRT 1.8.0 ERROR
r-patched-linux-x86_64 1.8.0 35.05 77.39 112.44 OK
r-patched-solaris-x86 1.8.0 147.60 OK
r-release-linux-x86_64 1.8.0 35.52 75.69 111.21 OK
r-release-macos-arm64 1.8.0 NOTE
r-release-macos-x86_64 1.8.0 NOTE
r-release-windows-ix86+x86_64 1.8.0 88.00 127.00 215.00 OK
r-oldrel-macos-x86_64 1.8.0 NOTE
r-oldrel-windows-ix86+x86_64 1.8.0 66.00 98.00 164.00 OK

Check Details

Version: 1.8.0
Check: whether package can be installed
Result: ERROR
    Installation failed.
Flavor: r-devel-windows-x86_64-gcc10-UCRT

Version: 1.8.0
Check: installed package size
Result: NOTE
     installed size is 6.4Mb
     sub-directories of 1Mb or more:
     doc 1.4Mb
     libs 4.4Mb
Flavors: r-release-macos-arm64, r-release-macos-x86_64, r-oldrel-macos-x86_64