CRAN Package Check Results for Package AmericanCallOpt

Last updated on 2023-12-06 11:52:17 CET.

Flavor Version Tinstall Tcheck Ttotal Status Flags
r-devel-linux-x86_64-debian-clang 0.95 2.30 23.02 25.32 NOTE
r-devel-linux-x86_64-debian-gcc 0.95 1.82 18.33 20.15 NOTE
r-devel-linux-x86_64-fedora-clang 0.95 32.48 NOTE
r-devel-linux-x86_64-fedora-gcc 0.95 31.65 NOTE
r-devel-windows-x86_64 0.95 3.00 38.00 41.00 NOTE
r-patched-linux-x86_64 0.95 2.21 22.86 25.07 NOTE
r-release-linux-x86_64 0.95 2.30 22.93 25.23 NOTE
r-release-macos-arm64 0.95 16.00 NOTE
r-release-macos-x86_64 0.95 20.00 NOTE
r-release-windows-x86_64 0.95 3.00 37.00 40.00 NOTE
r-oldrel-macos-arm64 0.95 16.00 NOTE
r-oldrel-macos-x86_64 0.95 22.00 NOTE
r-oldrel-windows-x86_64 0.95 4.00 45.00 49.00 NOTE

Check Details

Version: 0.95
Check: DESCRIPTION meta-information
Result: NOTE Malformed Title field: should not end in a period. Flavors: r-devel-linux-x86_64-debian-clang, r-devel-linux-x86_64-debian-gcc, r-devel-linux-x86_64-fedora-clang, r-devel-linux-x86_64-fedora-gcc, r-devel-windows-x86_64, r-patched-linux-x86_64, r-release-linux-x86_64, r-release-macos-arm64, r-release-macos-x86_64, r-release-windows-x86_64, r-oldrel-macos-arm64, r-oldrel-macos-x86_64, r-oldrel-windows-x86_64