Last updated on 2023-03-25 23:51:36 CET.
Flavor | Version | Tinstall | Tcheck | Ttotal | Status | Flags |
---|---|---|---|---|---|---|
r-devel-linux-x86_64-debian-clang | 0.1.4.4 | 292.03 | 251.34 | 543.37 | NOTE | |
r-devel-linux-x86_64-debian-gcc | 0.1.4.4 | 242.83 | 183.81 | 426.64 | NOTE | |
r-devel-linux-x86_64-fedora-gcc | 0.1.4.4 | 724.37 | NOTE | |||
r-devel-windows-x86_64 | 0.1.4.4 | 276.00 | 337.00 | 613.00 | NOTE | |
r-patched-linux-x86_64 | 0.1.4.4 | 248.90 | 233.76 | 482.66 | NOTE | |
r-release-linux-x86_64 | 0.1.4.4 | 250.21 | 237.20 | 487.41 | NOTE | |
r-release-macos-arm64 | 0.1.4.4 | 159.00 | NOTE | |||
r-release-macos-x86_64 | 0.1.4.4 | 235.00 | NOTE | |||
r-release-windows-x86_64 | 0.1.4.4 | 269.00 | 322.00 | 591.00 | NOTE | |
r-oldrel-macos-arm64 | 0.1.4.4 | 185.00 | NOTE | |||
r-oldrel-macos-x86_64 | 0.1.4.4 | 355.00 | NOTE | |||
r-oldrel-windows-ix86+x86_64 | 0.1.4.4 | 646.00 | 466.00 | 1112.00 | NOTE |
Version: 0.1.4.4
Check: C++ specification
Result: NOTE
Specified C++11: please drop specification unless essential
Flavors: r-devel-linux-x86_64-debian-clang, r-devel-linux-x86_64-debian-gcc, r-devel-linux-x86_64-fedora-gcc, r-devel-windows-x86_64
Version: 0.1.4.4
Check: LazyData
Result: NOTE
'LazyData' is specified without a 'data' directory
Flavors: r-devel-linux-x86_64-debian-clang, r-devel-linux-x86_64-debian-gcc, r-devel-linux-x86_64-fedora-gcc, r-devel-windows-x86_64, r-patched-linux-x86_64, r-release-linux-x86_64, r-release-macos-arm64, r-release-macos-x86_64, r-release-windows-x86_64, r-oldrel-macos-arm64, r-oldrel-macos-x86_64, r-oldrel-windows-ix86+x86_64
Version: 0.1.4.4
Check: installed package size
Result: NOTE
installed size is 25.9Mb
sub-directories of 1Mb or more:
libs 24.5Mb
Flavors: r-release-macos-arm64, r-release-macos-x86_64, r-oldrel-macos-arm64, r-oldrel-macos-x86_64, r-oldrel-windows-ix86+x86_64