CRAN Package Check Results for Package Andromeda

Last updated on 2024-07-16 00:55:54 CEST.

Flavor Version Tinstall Tcheck Ttotal Status Flags
r-devel-linux-x86_64-debian-clang 0.6.6 8.27 87.49 95.76 OK
r-devel-linux-x86_64-debian-gcc 0.6.6 5.56 66.79 72.35 OK
r-devel-linux-x86_64-fedora-clang 0.6.6 125.34 OK
r-devel-linux-x86_64-fedora-gcc 0.6.6 129.02 OK
r-devel-windows-x86_64 0.6.6 8.00 97.00 105.00 NOTE
r-patched-linux-x86_64 0.6.6 11.39 86.77 98.16 OK
r-release-linux-x86_64 0.6.6 7.11 84.93 92.04 OK
r-release-macos-arm64 0.6.6 45.00 OK
r-release-macos-x86_64 0.6.6 68.00 OK
r-release-windows-x86_64 0.6.6 8.00 93.00 101.00 OK
r-oldrel-macos-arm64 0.6.6 50.00 OK
r-oldrel-macos-x86_64 0.6.6 119.00 OK
r-oldrel-windows-x86_64 0.6.6 10.00 107.00 117.00 OK

Check Details

Version: 0.6.6
Check: Rd cross-references
Result: NOTE Found the following Rd file(s) with Rd \link{} targets missing package anchors: Andromeda-class.Rd: RSQLite andromeda_constructor.Rd: dplyr Please provide package anchors for all Rd \link{} targets not in the package itself and the base packages. Flavor: r-devel-windows-x86_64