CRAN Package Check Results for Package AnnuityRIR

Last updated on 2024-02-22 11:50:29 CET.

Flavor Version Tinstall Tcheck Ttotal Status Flags
r-devel-linux-x86_64-debian-clang 1.0-0 NOTE
r-devel-linux-x86_64-debian-gcc 1.0-0 10.99 91.55 102.54 NOTE
r-devel-linux-x86_64-fedora-clang 1.0-0 169.96 NOTE
r-devel-linux-x86_64-fedora-gcc 1.0-0 163.90 NOTE
r-devel-windows-x86_64 1.0-0 14.00 112.00 126.00 NOTE
r-patched-linux-x86_64 1.0-0 14.98 117.47 132.45 NOTE
r-release-linux-x86_64 1.0-0 13.00 117.78 130.78 NOTE
r-release-macos-arm64 1.0-0 42.00 NOTE
r-release-macos-x86_64 1.0-0 65.00 NOTE
r-release-windows-x86_64 1.0-0 17.00 136.00 153.00 NOTE
r-oldrel-macos-arm64 1.0-0 39.00 OK
r-oldrel-windows-x86_64 1.0-0 18.00 141.00 159.00 OK

Check Details

Version: 1.0-0
Check: Rd files
Result: NOTE checkRd: (-1) PV_post_triang_3.Rd:7: Escaped LaTeX specials: \_ \_ checkRd: (-1) PV_post_triang_3.Rd:22: Escaped LaTeX specials: \_ \_ checkRd: (-1) PV_pre_triang_3.Rd:7: Escaped LaTeX specials: \_ \_ checkRd: (-1) PV_pre_triang_3.Rd:22: Escaped LaTeX specials: \_ \_ Flavors: r-devel-linux-x86_64-debian-clang, r-devel-linux-x86_64-debian-gcc, r-devel-linux-x86_64-fedora-clang, r-devel-linux-x86_64-fedora-gcc, r-devel-windows-x86_64, r-patched-linux-x86_64, r-release-linux-x86_64, r-release-macos-arm64, r-release-macos-x86_64, r-release-windows-x86_64