Last updated on 2023-10-02 17:01:31 CEST.
Flavor | Version | Tinstall | Tcheck | Ttotal | Status | Flags |
---|---|---|---|---|---|---|
r-devel-linux-x86_64-debian-clang | 1.2 | 66.48 | 277.18 | 343.66 | OK | |
r-devel-linux-x86_64-debian-gcc | 1.2 | 50.09 | 204.60 | 254.69 | OK | |
r-devel-linux-x86_64-fedora-clang | 1.2 | 419.69 | NOTE | |||
r-devel-linux-x86_64-fedora-gcc | 1.2 | 444.12 | OK | |||
r-devel-windows-x86_64 | 1.2 | 64.00 | 202.00 | 266.00 | NOTE | |
r-patched-linux-x86_64 | 1.2 | 59.10 | 269.33 | 328.43 | OK | |
r-release-linux-x86_64 | 1.2 | 48.49 | 268.27 | 316.76 | OK | |
r-release-macos-arm64 | 1.2 | 130.00 | NOTE | |||
r-release-macos-x86_64 | 1.2 | 212.00 | NOTE | |||
r-release-windows-x86_64 | 1.2 | 73.00 | 232.00 | 305.00 | NOTE | |
r-oldrel-macos-arm64 | 1.2 | 103.00 | NOTE | |||
r-oldrel-macos-x86_64 | 1.2 | 227.00 | NOTE | |||
r-oldrel-windows-x86_64 | 1.2 | 73.00 | 210.00 | 283.00 | NOTE |
Version: 1.2
Check: installed package size
Result: NOTE
installed size is 34.5Mb
sub-directories of 1Mb or more:
R 34.4Mb
Flavors: r-devel-linux-x86_64-fedora-clang, r-devel-windows-x86_64, r-release-macos-arm64, r-release-macos-x86_64, r-release-windows-x86_64, r-oldrel-macos-arm64, r-oldrel-macos-x86_64, r-oldrel-windows-x86_64