CRAN Package Check Results for Package AntMAN

Last updated on 2023-10-02 05:06:31 CEST.

Flavor Version Tinstall Tcheck Ttotal Status Flags
r-devel-linux-x86_64-debian-clang 1.1.0 72.33 341.25 413.58 NOTE
r-devel-linux-x86_64-debian-gcc 1.1.0 57.20 352.95 410.15 NOTE
r-devel-linux-x86_64-fedora-clang 1.1.0 536.59 NOTE
r-devel-linux-x86_64-fedora-gcc 1.1.0 499.50 NOTE
r-devel-windows-x86_64 1.1.0 55.00 298.00 353.00 NOTE
r-patched-linux-x86_64 1.1.0 53.35 341.85 395.20 NOTE
r-release-linux-x86_64 1.1.0 60.68 325.18 385.86 NOTE
r-release-macos-arm64 1.1.0 140.00 NOTE
r-release-macos-x86_64 1.1.0 216.00 NOTE
r-release-windows-x86_64 1.1.0 78.00 336.00 414.00 NOTE
r-oldrel-macos-arm64 1.1.0 119.00 NOTE
r-oldrel-macos-x86_64 1.1.0 203.00 NOTE
r-oldrel-windows-x86_64 1.1.0 72.00 334.00 406.00 OK

Check Details

Version: 1.1.0
Check: C++ specification
Result: NOTE
     Specified C++11: please drop specification unless essential
Flavors: r-devel-linux-x86_64-debian-clang, r-devel-linux-x86_64-debian-gcc, r-devel-linux-x86_64-fedora-clang, r-devel-linux-x86_64-fedora-gcc, r-devel-windows-x86_64, r-patched-linux-x86_64, r-release-linux-x86_64, r-release-macos-arm64, r-release-macos-x86_64, r-release-windows-x86_64

Version: 1.1.0
Check: dependencies in R code
Result: NOTE
    Namespaces in Imports field not imported from:
     ‘Rdpack’ ‘mcclust’
     All declared Imports should be used.
Flavors: r-devel-linux-x86_64-fedora-clang, r-devel-linux-x86_64-fedora-gcc, r-oldrel-macos-arm64, r-oldrel-macos-x86_64

Version: 1.1.0
Check: installed package size
Result: NOTE
     installed size is 5.8Mb
     sub-directories of 1Mb or more:
     libs 5.5Mb
Flavors: r-release-macos-arm64, r-release-macos-x86_64, r-oldrel-macos-arm64, r-oldrel-macos-x86_64