CRAN Package Check Results for Package AssetCorr

Last updated on 2024-06-12 20:58:49 CEST.

Flavor Version Tinstall Tcheck Ttotal Status Flags
r-devel-linux-x86_64-debian-clang 1.0.4 14.17 97.59 111.76 OK
r-devel-linux-x86_64-debian-gcc 1.0.4 0.33 1.83 2.16 ERROR
r-devel-linux-x86_64-fedora-clang 1.0.4 137.75 NOTE
r-devel-linux-x86_64-fedora-gcc 1.0.4 384.94 NOTE
r-devel-windows-x86_64 1.0.4 12.00 90.00 102.00 OK
r-patched-linux-x86_64 1.0.4 13.12 90.30 103.42 OK
r-release-linux-x86_64 1.0.4 12.83 92.16 104.99 OK
r-release-macos-arm64 1.0.4 95.00 OK
r-release-macos-x86_64 1.0.4 167.00 OK
r-release-windows-x86_64 1.0.4 12.00 106.00 118.00 OK
r-oldrel-macos-arm64 1.0.4 99.00 OK
r-oldrel-macos-x86_64 1.0.4 191.00 OK
r-oldrel-windows-x86_64 1.0.4 16.00 103.00 119.00 OK

Check Details

Version: 1.0.4
Check: package dependencies
Result: ERROR Package required but not available: ‘ggplot2’ See section ‘The DESCRIPTION file’ in the ‘Writing R Extensions’ manual. Flavor: r-devel-linux-x86_64-debian-gcc

Version: 1.0.4
Check: dependencies in R code
Result: NOTE Namespace in Imports field not imported from: ‘knitr’ All declared Imports should be used. Flavors: r-devel-linux-x86_64-fedora-clang, r-devel-linux-x86_64-fedora-gcc