Last updated on 2023-09-27 01:05:22 CEST.
Flavor | Version | Tinstall | Tcheck | Ttotal | Status | Flags |
---|---|---|---|---|---|---|
r-devel-linux-x86_64-debian-clang | 1.0.4 | 14.21 | 95.50 | 109.71 | OK | |
r-devel-linux-x86_64-debian-gcc | 1.0.4 | 9.84 | 68.35 | 78.19 | OK | |
r-devel-linux-x86_64-fedora-clang | 1.0.4 | 134.11 | NOTE | |||
r-devel-linux-x86_64-fedora-gcc | 1.0.4 | 408.99 | NOTE | |||
r-devel-windows-x86_64 | 1.0.4 | 14.00 | 90.00 | 104.00 | OK | |
r-patched-linux-x86_64 | 1.0.4 | 10.97 | 90.19 | 101.16 | OK | |
r-release-linux-x86_64 | 1.0.4 | 12.22 | 90.23 | 102.45 | OK | |
r-release-macos-arm64 | 1.0.4 | 99.00 | OK | |||
r-release-macos-x86_64 | 1.0.4 | 191.00 | OK | |||
r-release-windows-x86_64 | 1.0.4 | 16.00 | 102.00 | 118.00 | OK | |
r-oldrel-macos-arm64 | 1.0.4 | 92.00 | NOTE | |||
r-oldrel-macos-x86_64 | 1.0.4 | 125.00 | NOTE | |||
r-oldrel-windows-x86_64 | 1.0.4 | 16.00 | 103.00 | 119.00 | OK |
Version: 1.0.4
Check: dependencies in R code
Result: NOTE
Namespace in Imports field not imported from: ‘knitr’
All declared Imports should be used.
Flavors: r-devel-linux-x86_64-fedora-clang, r-devel-linux-x86_64-fedora-gcc, r-oldrel-macos-arm64, r-oldrel-macos-x86_64