CRAN Package Check Results for Package AzureContainers

Last updated on 2021-12-04 15:51:08 CET.

Flavor Version Tinstall Tcheck Ttotal Status Flags
r-devel-linux-x86_64-debian-clang 1.3.2 7.18 32.29 39.47 OK
r-devel-linux-x86_64-debian-gcc 1.3.2 5.62 32.34 37.96 OK
r-devel-linux-x86_64-fedora-clang 1.3.2 65.16 NOTE
r-devel-linux-x86_64-fedora-gcc 1.3.2 49.96 NOTE
r-devel-windows-x86_64-new-UL 1.3.2 16.00 84.00 100.00 OK
r-devel-windows-x86_64-new-TK 1.3.2 NOTE
r-devel-windows-x86_64-old 1.3.2 12.00 46.00 58.00 OK
r-patched-linux-x86_64 1.3.2 13.10 33.53 46.63 OK
r-release-linux-x86_64 1.3.2 7.55 32.63 40.18 OK
r-release-macos-arm64 1.3.2 NOTE
r-release-macos-x86_64 1.3.2 NOTE
r-release-windows-ix86+x86_64 1.3.2 13.00 59.00 72.00 OK
r-oldrel-macos-x86_64 1.3.2 NOTE
r-oldrel-windows-ix86+x86_64 1.3.2 13.00 58.00 71.00 OK

Check Details

Version: 1.3.2
Check: dependencies in R code
Result: NOTE
    Namespace in Imports field not imported from: ‘openssl’
     All declared Imports should be used.
Flavors: r-devel-linux-x86_64-fedora-clang, r-devel-linux-x86_64-fedora-gcc, r-devel-windows-x86_64-new-TK, r-release-macos-arm64, r-release-macos-x86_64, r-oldrel-macos-x86_64

Version: 1.3.2
Check: Rd cross-references
Result: NOTE
    Undeclared package ‘AzureAuth’ in Rd xrefs
Flavor: r-devel-linux-x86_64-fedora-clang