CRAN Package Check Results for Package AzureStor

Last updated on 2024-03-04 16:01:52 CET.

Flavor Version Tinstall Tcheck Ttotal Status Flags
r-devel-linux-x86_64-debian-clang 3.7.0 7.59 52.38 59.97 OK
r-devel-linux-x86_64-debian-gcc 3.7.0 4.86 39.08 43.94 OK
r-devel-linux-x86_64-fedora-clang 3.7.0 73.38 NOTE
r-devel-linux-x86_64-fedora-gcc 3.7.0 83.24 NOTE
r-devel-windows-x86_64 3.7.0 8.00 67.00 75.00 OK
r-patched-linux-x86_64 3.7.0 12.23 50.42 62.65 OK
r-release-linux-x86_64 3.7.0 6.88 51.55 58.43 OK
r-release-macos-arm64 3.7.0 34.00 OK
r-release-macos-x86_64 3.7.0 50.00 OK
r-release-windows-x86_64 3.7.0 11.00 72.00 83.00 OK
r-oldrel-macos-arm64 3.7.0 27.00 NOTE
r-oldrel-windows-x86_64 3.7.0 9.00 67.00 76.00 OK

Check Details

Version: 3.7.0
Check: dependencies in R code
Result: NOTE Namespace in Imports field not imported from: ‘R6’ All declared Imports should be used. Flavors: r-devel-linux-x86_64-fedora-clang, r-devel-linux-x86_64-fedora-gcc, r-oldrel-macos-arm64