CRAN Package Check Results for Package BACCT

Last updated on 2021-10-22 12:59:06 CEST.

Flavor Version Tinstall Tcheck Ttotal Status Flags
r-devel-linux-x86_64-debian-clang 1.0 5.10 50.53 55.63 NOTE
r-devel-linux-x86_64-debian-gcc 1.0 4.22 37.58 41.80 NOTE
r-devel-linux-x86_64-fedora-clang 1.0 76.63 NOTE
r-devel-linux-x86_64-fedora-gcc 1.0 63.20 NOTE
r-devel-windows-x86_64 1.0 9.00 70.00 79.00 NOTE
r-devel-windows-x86_64-gcc10-UCRT 1.0 NOTE
r-patched-linux-x86_64 1.0 4.74 46.33 51.07 NOTE
r-patched-solaris-x86 1.0 98.50 NOTE
r-release-linux-x86_64 1.0 4.48 46.53 51.01 NOTE
r-release-macos-arm64 1.0 NOTE
r-release-macos-x86_64 1.0 NOTE
r-release-windows-ix86+x86_64 1.0 13.00 67.00 80.00 NOTE
r-oldrel-macos-x86_64 1.0 OK
r-oldrel-windows-ix86+x86_64 1.0 14.00 71.00 85.00 OK

Check Details

Version: 1.0
Check: LazyData
Result: NOTE
     'LazyData' is specified without a 'data' directory
Flavors: r-devel-linux-x86_64-debian-clang, r-devel-linux-x86_64-debian-gcc, r-devel-linux-x86_64-fedora-clang, r-devel-linux-x86_64-fedora-gcc, r-devel-windows-x86_64, r-devel-windows-x86_64-gcc10-UCRT, r-patched-linux-x86_64, r-patched-solaris-x86, r-release-linux-x86_64, r-release-macos-arm64, r-release-macos-x86_64, r-release-windows-ix86+x86_64