Last updated on 2023-03-31 20:50:06 CEST.
Flavor | Version | Tinstall | Tcheck | Ttotal | Status | Flags |
---|---|---|---|---|---|---|
r-devel-linux-x86_64-debian-clang | 2.9.4 | 175.84 | 182.09 | 357.93 | OK | |
r-devel-linux-x86_64-debian-gcc | 2.9.4 | 129.81 | 136.38 | 266.19 | OK | |
r-devel-linux-x86_64-fedora-clang | 2.9.4 | 521.03 | OK | |||
r-devel-linux-x86_64-fedora-gcc | 2.9.4 | 472.75 | OK | |||
r-devel-windows-x86_64 | 2.9.4 | 157.00 | 253.00 | 410.00 | NOTE | |
r-patched-linux-x86_64 | 2.9.4 | 135.92 | 172.55 | 308.47 | OK | |
r-release-linux-x86_64 | 2.9.4 | 134.62 | 167.72 | 302.34 | OK | |
r-release-macos-arm64 | 2.9.3 | 110.00 | NOTE | |||
r-release-macos-x86_64 | 2.9.4 | 143.00 | NOTE | |||
r-release-windows-x86_64 | 2.9.4 | 322.00 | 252.00 | 574.00 | NOTE | |
r-oldrel-macos-arm64 | 2.9.3 | 95.00 | NOTE | |||
r-oldrel-macos-x86_64 | 2.9.4 | 149.00 | NOTE | |||
r-oldrel-windows-ix86+x86_64 | 2.9.4 | 340.00 | 253.00 | 593.00 | NOTE |
Version: 2.9.4
Check: installed package size
Result: NOTE
installed size is 5.8Mb
sub-directories of 1Mb or more:
data 3.1Mb
libs 1.2Mb
Flavors: r-devel-windows-x86_64, r-release-macos-x86_64, r-release-windows-x86_64, r-oldrel-macos-x86_64, r-oldrel-windows-ix86+x86_64
Version: 2.9.3
Check: installed package size
Result: NOTE
installed size is 8.2Mb
sub-directories of 1Mb or more:
data 3.1Mb
libs 3.6Mb
Flavors: r-release-macos-arm64, r-oldrel-macos-arm64