Last updated on 2023-03-28 12:54:34 CEST.
Flavor | Version | Tinstall | Tcheck | Ttotal | Status | Flags |
---|---|---|---|---|---|---|
r-devel-linux-x86_64-debian-clang | 0.5 | 47.78 | 45.23 | 93.01 | NOTE | |
r-devel-linux-x86_64-debian-gcc | 0.5 | 29.49 | 34.03 | 63.52 | NOTE | |
r-devel-linux-x86_64-fedora-clang | 0.5 | 123.74 | NOTE | |||
r-devel-linux-x86_64-fedora-gcc | 0.5 | 147.43 | NOTE | |||
r-patched-linux-x86_64 | 0.5 | 33.57 | 43.76 | 77.33 | NOTE | |
r-release-linux-x86_64 | 0.5 | 29.83 | 44.64 | 74.47 | NOTE | |
r-release-macos-arm64 | 0.5 | 49.00 | NOTE | |||
r-release-macos-x86_64 | 0.5 | 57.00 | NOTE | |||
r-release-windows-x86_64 | 0.5 | 40.00 | 100.00 | 140.00 | NOTE | |
r-oldrel-macos-arm64 | 0.5 | 58.00 | NOTE | |||
r-oldrel-macos-x86_64 | 0.5 | 82.00 | NOTE | |||
r-oldrel-windows-ix86+x86_64 | 0.5 | 95.00 | 115.00 | 210.00 | NOTE |
Version: 0.5
Check: LazyData
Result: NOTE
'LazyData' is specified without a 'data' directory
Flavors: r-devel-linux-x86_64-debian-clang, r-devel-linux-x86_64-debian-gcc, r-devel-linux-x86_64-fedora-clang, r-devel-linux-x86_64-fedora-gcc, r-patched-linux-x86_64, r-release-linux-x86_64, r-release-macos-arm64, r-release-macos-x86_64, r-release-windows-x86_64, r-oldrel-macos-arm64, r-oldrel-macos-x86_64, r-oldrel-windows-ix86+x86_64