Last updated on 2023-03-30 20:49:05 CEST.
Flavor | Version | Tinstall | Tcheck | Ttotal | Status | Flags |
---|---|---|---|---|---|---|
r-devel-linux-x86_64-debian-clang | 1.4.3 | 185.08 | 715.31 | 900.39 | OK | |
r-devel-linux-x86_64-debian-gcc | 1.4.3 | 135.78 | 336.04 | 471.82 | OK | |
r-devel-linux-x86_64-fedora-clang | 1.4.3 | 947.22 | NOTE | |||
r-devel-linux-x86_64-fedora-gcc | 1.4.3 | 768.18 | NOTE | |||
r-devel-windows-x86_64 | 1.4.3 | 138.00 | 404.00 | 542.00 | OK | |
r-patched-linux-x86_64 | 1.4.3 | 132.92 | 452.78 | 585.70 | OK | |
r-release-linux-x86_64 | 1.4.3 | 143.09 | 462.55 | 605.64 | OK | |
r-release-macos-arm64 | 1.4.2 | 168.00 | NOTE | |||
r-release-macos-x86_64 | 1.4.3 | 245.00 | NOTE | |||
r-release-windows-x86_64 | 1.4.3 | 139.00 | 475.00 | 614.00 | OK | |
r-oldrel-macos-arm64 | 1.4.2 | 155.00 | NOTE | |||
r-oldrel-macos-x86_64 | 1.4.3 | 243.00 | NOTE | |||
r-oldrel-windows-ix86+x86_64 | 1.4.3 | 347.00 | 899.00 | 1246.00 | OK |
Version: 1.4.3
Check: dependencies in R code
Result: NOTE
Namespace in Imports field not imported from: ‘forecast’
All declared Imports should be used.
Flavors: r-devel-linux-x86_64-fedora-clang, r-devel-linux-x86_64-fedora-gcc
Version: 1.4.2
Check: installed package size
Result: NOTE
installed size is 15.2Mb
sub-directories of 1Mb or more:
libs 14.2Mb
Flavors: r-release-macos-arm64, r-oldrel-macos-arm64
Version: 1.4.3
Check: installed package size
Result: NOTE
installed size is 15.1Mb
sub-directories of 1Mb or more:
libs 14.2Mb
Flavors: r-release-macos-x86_64, r-oldrel-macos-x86_64