Last updated on 2023-09-25 05:01:20 CEST.
Flavor | Version | Tinstall | Tcheck | Ttotal | Status | Flags |
---|---|---|---|---|---|---|
r-devel-linux-x86_64-debian-clang | 0.4.9 | 22.55 | 167.37 | 189.92 | NOTE | |
r-devel-linux-x86_64-debian-gcc | 0.4.9 | 16.73 | 121.85 | 138.58 | NOTE | |
r-devel-linux-x86_64-fedora-clang | 0.4.9 | 233.05 | NOTE | |||
r-devel-linux-x86_64-fedora-gcc | 0.4.9 | 184.67 | NOTE | |||
r-devel-windows-x86_64 | 0.4.9 | 19.00 | 145.00 | 164.00 | NOTE | |
r-patched-linux-x86_64 | 0.4.9 | 21.66 | 157.61 | 179.27 | NOTE | |
r-release-linux-x86_64 | 0.4.9 | 19.31 | 155.40 | 174.71 | NOTE | |
r-release-macos-arm64 | 0.4.9 | 63.00 | NOTE | |||
r-release-macos-x86_64 | 0.4.9 | 117.00 | NOTE | |||
r-release-windows-x86_64 | 0.4.9 | 26.00 | 167.00 | 193.00 | NOTE | |
r-oldrel-macos-arm64 | 0.4.9 | 54.00 | NOTE | |||
r-oldrel-macos-x86_64 | 0.4.9 | 100.00 | NOTE | |||
r-oldrel-windows-x86_64 | 0.4.9 | 26.00 | 159.00 | 185.00 | NOTE |
Version: 0.4.9
Check: LazyData
Result: NOTE
'LazyData' is specified without a 'data' directory
Flavors: r-devel-linux-x86_64-debian-clang, r-devel-linux-x86_64-debian-gcc, r-devel-linux-x86_64-fedora-clang, r-devel-linux-x86_64-fedora-gcc, r-devel-windows-x86_64, r-patched-linux-x86_64, r-release-linux-x86_64, r-release-macos-arm64, r-release-macos-x86_64, r-release-windows-x86_64, r-oldrel-macos-arm64, r-oldrel-macos-x86_64, r-oldrel-windows-x86_64
Version: 0.4.9
Check: package dependencies
Result: NOTE
Imports includes 27 non-default packages.
Importing from so many packages makes the package vulnerable to any of
them becoming unavailable. Move as many as possible to Suggests and
use conditionally.
Flavor: r-devel-linux-x86_64-fedora-clang