Last updated on 2023-11-29 15:50:09 CET.
Flavor | Version | Tinstall | Tcheck | Ttotal | Status | Flags |
---|---|---|---|---|---|---|
r-devel-linux-x86_64-debian-clang | 1.1.0 | 15.30 | 77.25 | 92.55 | WARN | |
r-devel-linux-x86_64-debian-gcc | 1.1.0 | 10.57 | 57.69 | 68.26 | WARN | |
r-devel-linux-x86_64-fedora-clang | 1.1.0 | 122.44 | WARN | |||
r-devel-linux-x86_64-fedora-gcc | 1.1.0 | 130.11 | WARN | |||
r-devel-windows-x86_64 | 1.1.0 | 14.00 | 107.00 | 121.00 | WARN | |
r-patched-linux-x86_64 | 1.1.0 | 12.70 | 74.98 | 87.68 | OK | |
r-release-linux-x86_64 | 1.1.0 | 10.73 | 74.60 | 85.33 | OK | |
r-release-macos-arm64 | 1.1.0 | 45.00 | OK | |||
r-release-macos-x86_64 | 1.1.0 | 70.00 | OK | |||
r-release-windows-x86_64 | 1.1.0 | 18.00 | 110.00 | 128.00 | OK | |
r-oldrel-macos-arm64 | 1.1.0 | 40.00 | OK | |||
r-oldrel-macos-x86_64 | 1.1.0 | 55.00 | OK | |||
r-oldrel-windows-x86_64 | 1.1.0 | 18.00 | 110.00 | 128.00 | OK |
Version: 1.1.0
Check: whether package can be installed
Result: WARN
Found the following significant warnings:
sampler_multitrait.c:583:72: warning: format specifies type 'char *' but the argument has type 'int' [-Wformat]
See ‘/home/hornik/tmp/R.check/r-devel-clang/Work/PKGS/BGLR.Rcheck/00install.out’ for details.
* used C compiler: ‘Debian clang version 17.0.5 (1)’
Flavor: r-devel-linux-x86_64-debian-clang
Version: 1.1.0
Check: whether package can be installed
Result: WARN
Found the following significant warnings:
sampler_multitrait.c:579:55: warning: format ‘%s’ expects a matching ‘char *’ argument [-Wformat=]
sampler_multitrait.c:583:40: warning: format ‘%s’ expects argument of type ‘char *’, but argument 2 has type ‘int’ [-Wformat=]
sampler_multitrait.c:583:77: warning: format ‘%d’ expects a matching ‘int’ argument [-Wformat=]
See ‘/home/hornik/tmp/R.check/r-devel-gcc/Work/PKGS/BGLR.Rcheck/00install.out’ for details.
* used C compiler: ‘gcc-13 (Debian 13.2.0-5) 13.2.0’
Flavor: r-devel-linux-x86_64-debian-gcc
Version: 1.1.0
Check: whether package can be installed
Result: WARN
Found the following significant warnings:
sampler_multitrait.c:579:45: warning: more '%' conversions than data arguments [-Wformat-insufficient-args]
sampler_multitrait.c:583:72: warning: format specifies type 'char *' but the argument has type 'int' [-Wformat]
sampler_multitrait.c:583:63: warning: more '%' conversions than data arguments [-Wformat-insufficient-args]
See ‘/data/gannet/ripley/R/packages/tests-clang/BGLR.Rcheck/00install.out’ for details.
* used C compiler: ‘clang version 17.0.5’
Flavor: r-devel-linux-x86_64-fedora-clang
Version: 1.1.0
Check: whether package can be installed
Result: WARN
Found the following significant warnings:
sampler_multitrait.c:579:55: warning: format '%s' expects a matching 'char *' argument [-Wformat=]
sampler_multitrait.c:583:40: warning: format '%s' expects argument of type 'char *', but argument 2 has type 'int' [-Wformat=]
sampler_multitrait.c:583:77: warning: format '%d' expects a matching 'int' argument [-Wformat=]
See ‘/data/gannet/ripley/R/packages/tests-devel/BGLR.Rcheck/00install.out’ for details.
* used C compiler: ‘gcc-13 (GCC) 13.2.0’
Flavor: r-devel-linux-x86_64-fedora-gcc
Version: 1.1.0
Check: whether package can be installed
Result: WARN
Found the following significant warnings:
sampler_multitrait.c:579:55: warning: format '%s' expects a matching 'char *' argument [-Wformat=]
sampler_multitrait.c:583:40: warning: format '%s' expects argument of type 'char *', but argument 2 has type 'int' [-Wformat=]
sampler_multitrait.c:583:77: warning: format '%d' expects a matching 'int' argument [-Wformat=]
See 'd:/Rcompile/CRANpkg/local/4.4/BGLR.Rcheck/00install.out' for details.
* used C compiler: 'gcc.exe (GCC) 12.3.0'
Flavor: r-devel-windows-x86_64