Last updated on 2023-03-29 04:51:05 CEST.
Flavor | Version | Tinstall | Tcheck | Ttotal | Status | Flags |
---|---|---|---|---|---|---|
r-devel-linux-x86_64-debian-clang | 2.5.2 | 127.95 | 316.16 | 444.11 | NOTE | |
r-devel-linux-x86_64-debian-gcc | 2.5.2 | 105.65 | 226.04 | 331.69 | NOTE | |
r-devel-linux-x86_64-fedora-clang | 2.5.2 | 605.34 | NOTE | |||
r-devel-linux-x86_64-fedora-gcc | 2.5.2 | 612.04 | NOTE | |||
r-devel-windows-x86_64 | 2.5.2 | 119.00 | 369.00 | 488.00 | NOTE | |
r-patched-linux-x86_64 | 2.5.2 | 106.12 | 300.40 | 406.52 | NOTE | |
r-release-linux-x86_64 | 2.5.2 | 106.34 | 289.28 | 395.62 | NOTE | |
r-release-macos-arm64 | 2.5.2 | 139.00 | NOTE | |||
r-release-macos-x86_64 | 2.5.2 | 179.00 | NOTE | |||
r-release-windows-x86_64 | 2.5.2 | 113.00 | 364.00 | 477.00 | NOTE | |
r-oldrel-macos-arm64 | 2.5.2 | 134.00 | NOTE | |||
r-oldrel-macos-x86_64 | 2.5.2 | 182.00 | NOTE | |||
r-oldrel-windows-ix86+x86_64 | 2.5.2 | 297.00 | 456.00 | 753.00 | NOTE |
Version: 2.5.2
Check: C++ specification
Result: NOTE
Specified C++11: please drop specification unless essential
Flavors: r-devel-linux-x86_64-debian-clang, r-devel-linux-x86_64-debian-gcc, r-devel-linux-x86_64-fedora-clang, r-devel-linux-x86_64-fedora-gcc, r-devel-windows-x86_64, r-patched-linux-x86_64
Version: 2.5.2
Check: for GNU extensions in Makefiles
Result: NOTE
GNU make is a SystemRequirements.
Flavors: r-devel-linux-x86_64-debian-clang, r-devel-linux-x86_64-debian-gcc, r-devel-linux-x86_64-fedora-clang, r-devel-linux-x86_64-fedora-gcc, r-devel-windows-x86_64, r-patched-linux-x86_64, r-release-linux-x86_64, r-release-macos-arm64, r-release-macos-x86_64, r-release-windows-x86_64, r-oldrel-macos-arm64, r-oldrel-macos-x86_64, r-oldrel-windows-ix86+x86_64
Version: 2.5.2
Check: data for non-ASCII characters
Result: NOTE
Note: found 582 marked UTF-8 strings
Flavors: r-devel-linux-x86_64-fedora-clang, r-devel-linux-x86_64-fedora-gcc, r-release-macos-arm64, r-release-macos-x86_64, r-oldrel-macos-arm64, r-oldrel-macos-x86_64
Version: 2.5.2
Check: installed package size
Result: NOTE
installed size is 5.6Mb
sub-directories of 1Mb or more:
doc 2.9Mb
libs 1.3Mb
Flavors: r-devel-windows-x86_64, r-release-macos-arm64, r-release-macos-x86_64, r-release-windows-x86_64, r-oldrel-macos-arm64, r-oldrel-macos-x86_64, r-oldrel-windows-ix86+x86_64