Last updated on 2022-05-17 16:54:22 CEST.
Flavor | Version | Tinstall | Tcheck | Ttotal | Status | Flags |
---|---|---|---|---|---|---|
r-devel-linux-x86_64-debian-clang | 3.0.3 | 27.65 | 81.78 | 109.43 | OK | |
r-devel-linux-x86_64-debian-gcc | 3.0.3 | 24.57 | 62.48 | 87.05 | OK | |
r-devel-linux-x86_64-fedora-clang | 3.0.3 | 138.97 | NOTE | |||
r-devel-linux-x86_64-fedora-gcc | 3.0.3 | 136.70 | NOTE | |||
r-devel-windows-x86_64 | 3.0.3 | 57.00 | 98.00 | 155.00 | OK | |
r-patched-linux-x86_64 | 3.0.3 | 29.42 | 78.95 | 108.37 | OK | |
r-release-linux-x86_64 | 3.0.3 | 24.93 | 78.81 | 103.74 | OK | |
r-release-macos-arm64 | 3.0.3 | 53.00 | NOTE | |||
r-release-macos-x86_64 | 3.0.3 | 75.00 | NOTE | |||
r-release-windows-x86_64 | 3.0.3 | 65.00 | 100.00 | 165.00 | OK | |
r-oldrel-macos-arm64 | 3.0.3 | 65.00 | NOTE | |||
r-oldrel-macos-x86_64 | 3.0.3 | 66.00 | NOTE | |||
r-oldrel-windows-ix86+x86_64 | 3.0.3 | 59.00 | 86.00 | 145.00 | OK |
Version: 3.0.3
Check: dependencies in R code
Result: NOTE
Namespace in Imports field not imported from: ‘httr’
All declared Imports should be used.
Flavors: r-devel-linux-x86_64-fedora-clang, r-devel-linux-x86_64-fedora-gcc, r-release-macos-arm64, r-release-macos-x86_64, r-oldrel-macos-arm64, r-oldrel-macos-x86_64