CRAN Package Check Results for Package BINtools

Last updated on 2023-03-30 20:49:05 CEST.

Flavor Version Tinstall Tcheck Ttotal Status Flags
r-devel-linux-x86_64-debian-clang 0.2.0 729.61 233.98 963.59 NOTE
r-devel-linux-x86_64-debian-gcc 0.2.0 691.50 229.74 921.24 NOTE
r-devel-linux-x86_64-fedora-clang 0.2.0 1239.67 NOTE
r-devel-linux-x86_64-fedora-gcc 0.2.0 1583.28 NOTE
r-devel-windows-x86_64 0.2.0 531.00 414.00 945.00 NOTE
r-patched-linux-x86_64 0.2.0 547.14 319.74 866.88 NOTE
r-release-linux-x86_64 0.2.0 532.29 298.72 831.01 NOTE
r-release-macos-arm64 0.2.0 316.00 NOTE
r-release-macos-x86_64 0.2.0 584.00 NOTE
r-release-windows-x86_64 0.2.0 3436.00 408.00 3844.00 NOTE
r-oldrel-macos-arm64 0.2.0 329.00 NOTE
r-oldrel-macos-x86_64 0.2.0 410.00 NOTE
r-oldrel-windows-ix86+x86_64 0.2.0 1692.00 815.00 2507.00 NOTE

Check Details

Version: 0.2.0
Check: for GNU extensions in Makefiles
Result: NOTE
    GNU make is a SystemRequirements.
Flavors: r-devel-linux-x86_64-debian-clang, r-devel-linux-x86_64-debian-gcc, r-devel-linux-x86_64-fedora-clang, r-devel-linux-x86_64-fedora-gcc, r-devel-windows-x86_64, r-patched-linux-x86_64, r-release-linux-x86_64, r-release-macos-arm64, r-release-macos-x86_64, r-release-windows-x86_64, r-oldrel-macos-arm64, r-oldrel-macos-x86_64, r-oldrel-windows-ix86+x86_64

Version: 0.2.0
Check: installed package size
Result: NOTE
     installed size is 7.7Mb
     sub-directories of 1Mb or more:
     libs 7.1Mb
Flavors: r-devel-linux-x86_64-fedora-clang, r-devel-windows-x86_64, r-release-macos-arm64, r-release-macos-x86_64, r-release-windows-x86_64, r-oldrel-macos-arm64, r-oldrel-macos-x86_64, r-oldrel-windows-ix86+x86_64