Last updated on 2023-10-01 01:53:11 CEST.
Flavor | Version | Tinstall | Tcheck | Ttotal | Status | Flags |
---|---|---|---|---|---|---|
r-devel-linux-x86_64-debian-clang | 0.3.3 | 14.62 | 128.09 | 142.71 | NOTE | |
r-devel-linux-x86_64-debian-gcc | 0.3.3 | 11.77 | 96.72 | 108.49 | NOTE | |
r-devel-linux-x86_64-fedora-clang | 0.3.3 | 175.90 | NOTE | |||
r-devel-linux-x86_64-fedora-gcc | 0.3.3 | 187.64 | NOTE | |||
r-devel-windows-x86_64 | 0.3.3 | 14.00 | 112.00 | 126.00 | NOTE | |
r-patched-linux-x86_64 | 0.3.3 | 16.11 | 123.36 | 139.47 | NOTE | |
r-release-linux-x86_64 | 0.3.3 | 13.37 | 123.54 | 136.91 | NOTE | |
r-release-macos-arm64 | 0.3.3 | 57.00 | NOTE | |||
r-release-macos-x86_64 | 0.3.3 | 90.00 | NOTE | |||
r-release-windows-x86_64 | 0.3.3 | 19.00 | 128.00 | 147.00 | NOTE | |
r-oldrel-macos-arm64 | 0.3.3 | 51.00 | NOTE | |||
r-oldrel-macos-x86_64 | 0.3.3 | 76.00 | NOTE | |||
r-oldrel-windows-x86_64 | 0.3.3 | 20.00 | 128.00 | 148.00 | OK |
Version: 0.3.3
Check: Rd files
Result: NOTE
checkRd: (-1) posteriorFeasibility.Rd:25: Escaped LaTeX specials: \#
checkRd: (-1) sp500Returns.Rd:4: Escaped LaTeX specials: \&
Flavors: r-devel-linux-x86_64-debian-clang, r-devel-linux-x86_64-debian-gcc, r-devel-linux-x86_64-fedora-clang, r-devel-linux-x86_64-fedora-gcc, r-devel-windows-x86_64, r-patched-linux-x86_64, r-release-linux-x86_64, r-release-macos-arm64, r-release-macos-x86_64, r-release-windows-x86_64
Version: 0.3.3
Check: dependencies in R code
Result: NOTE
Namespaces in Imports field not imported from:
‘knitr’ ‘rmarkdown’
All declared Imports should be used.
Flavors: r-devel-linux-x86_64-fedora-clang, r-devel-linux-x86_64-fedora-gcc, r-oldrel-macos-arm64, r-oldrel-macos-x86_64