CRAN Package Check Results for Package BNrich

Last updated on 2022-05-22 09:52:12 CEST.

Flavor Version Tinstall Tcheck Ttotal Status Flags
r-devel-linux-x86_64-debian-clang 0.1.1 9.67 114.19 123.86 NOTE
r-devel-linux-x86_64-debian-gcc 0.1.1 8.34 84.92 93.26 NOTE
r-devel-linux-x86_64-fedora-clang 0.1.1 145.17 NOTE
r-devel-linux-x86_64-fedora-gcc 0.1.1 141.24 NOTE
r-devel-windows-x86_64 0.1.1 15.00 124.00 139.00 NOTE
r-patched-linux-x86_64 0.1.1 8.81 106.10 114.91 NOTE
r-release-linux-x86_64 0.1.1 10.50 110.89 121.39 NOTE
r-release-macos-arm64 0.1.1 42.00 NOTE
r-release-macos-x86_64 0.1.1 57.00 NOTE
r-release-windows-x86_64 0.1.1 17.00 124.00 141.00 NOTE
r-oldrel-macos-arm64 0.1.1 46.00 NOTE
r-oldrel-macos-x86_64 0.1.1 75.00 NOTE
r-oldrel-windows-ix86+x86_64 0.1.1 25.00 119.00 144.00 NOTE

Additional issues

donttest

Check Details

Version: 0.1.1
Check: LazyData
Result: NOTE
     'LazyData' is specified without a 'data' directory
Flavors: r-devel-linux-x86_64-debian-clang, r-devel-linux-x86_64-debian-gcc, r-devel-linux-x86_64-fedora-clang, r-devel-linux-x86_64-fedora-gcc, r-devel-windows-x86_64, r-patched-linux-x86_64, r-release-linux-x86_64, r-release-macos-arm64, r-release-macos-x86_64, r-release-windows-x86_64, r-oldrel-macos-arm64, r-oldrel-macos-x86_64, r-oldrel-windows-ix86+x86_64