CRAN Package Check Results for Package BNrich

Last updated on 2023-06-07 01:03:20 CEST.

Flavor Version Tinstall Tcheck Ttotal Status Flags
r-devel-linux-x86_64-debian-clang 0.1.1 9.22 102.90 112.12 NOTE
r-devel-linux-x86_64-debian-gcc 0.1.1 8.96 77.71 86.67 NOTE
r-devel-linux-x86_64-fedora-clang 0.1.1 138.71 NOTE
r-devel-linux-x86_64-fedora-gcc 0.1.1 143.65 NOTE
r-devel-windows-x86_64 0.1.1 10.00 88.00 98.00 NOTE
r-patched-linux-x86_64 0.1.1 10.15 96.96 107.11 NOTE
r-release-linux-x86_64 0.1.1 8.42 98.23 106.65 NOTE
r-release-macos-arm64 0.1.1 52.00 NOTE
r-release-macos-x86_64 0.1.1 77.00 NOTE
r-release-windows-x86_64 0.1.1 12.00 102.00 114.00 NOTE
r-oldrel-macos-arm64 0.1.1 42.00 NOTE
r-oldrel-macos-x86_64 0.1.1 57.00 NOTE
r-oldrel-windows-x86_64 0.1.1 12.00 106.00 118.00 NOTE

Additional issues

donttest

Check Details

Version: 0.1.1
Check: LazyData
Result: NOTE
     'LazyData' is specified without a 'data' directory
Flavors: r-devel-linux-x86_64-debian-clang, r-devel-linux-x86_64-debian-gcc, r-devel-linux-x86_64-fedora-clang, r-devel-linux-x86_64-fedora-gcc, r-devel-windows-x86_64, r-patched-linux-x86_64, r-release-linux-x86_64, r-release-macos-arm64, r-release-macos-x86_64, r-release-windows-x86_64, r-oldrel-macos-arm64, r-oldrel-macos-x86_64, r-oldrel-windows-x86_64