CRAN Package Check Results for Package BRugs

Last updated on 2024-03-05 08:18:23 CET.

Flavor Version Tinstall Tcheck Ttotal Status Flags
r-devel-linux-x86_64-debian-clang 0.9-2.1 6.58 82.77 89.35 NOTE
r-devel-linux-x86_64-debian-gcc 0.9-2.1 5.07 63.98 69.05 NOTE
r-devel-linux-x86_64-fedora-clang 0.9-2.1 113.86 NOTE
r-devel-linux-x86_64-fedora-gcc 0.9-2.1 111.55 NOTE
r-devel-windows-x86_64 0.9-2.1 9.00 5.00 14.00 ERROR
r-patched-linux-x86_64 0.9-2.1 9.27 82.78 92.05 NOTE
r-release-linux-x86_64 0.9-2.1 7.28 82.57 89.85 NOTE
r-release-windows-x86_64 0.9-2.1 9.00 5.00 14.00 ERROR
r-oldrel-windows-x86_64 0.9-2.1 1.00 11.00 12.00 ERROR

Check Details

Version: 0.9-2.1
Check: include directives in Makefiles
Result: NOTE Found the following Makefile(s) with an include directive with a pathname using R_HOME: src/Makefile.win Even though not recommended, variable R_HOME may contain spaces. Makefile directives use space as a separator and there is no portable way to quote/escape the space in Make rules and directives. However, one can and should quote pathnames when passed from Makefile to the shell, and this can be done specifically when invoking Make recursively. It is therefore recommended to use the Make '-f' option to include files in directories specified using R_HOME. This option can be specified multiple times to include multiple Makefiles. Note that 'Makeconf' is included automatically into top-level makefile of a package. More information can be found in 'Writing R Extensions'. Flavors: r-devel-linux-x86_64-debian-clang, r-devel-linux-x86_64-debian-gcc, r-devel-linux-x86_64-fedora-clang, r-devel-linux-x86_64-fedora-gcc, r-patched-linux-x86_64, r-release-linux-x86_64

Version: 0.9-2.1
Check: whether package can be installed
Result: ERROR Installation failed. Flavors: r-devel-windows-x86_64, r-release-windows-x86_64, r-oldrel-windows-x86_64