CRAN Package Check Results for Package BSGS

Last updated on 2022-01-26 23:50:12 CET.

Flavor Version Tinstall Tcheck Ttotal Status Flags
r-devel-linux-x86_64-debian-clang 2.0 3.94 41.46 45.40 NOTE
r-devel-linux-x86_64-debian-gcc 2.0 2.79 33.18 35.97 NOTE
r-devel-linux-x86_64-fedora-clang 2.0 55.90 NOTE
r-devel-linux-x86_64-fedora-gcc 2.0 45.11 NOTE
r-devel-windows-x86_64-new-UL 2.0 19.00 61.00 80.00 NOTE
r-devel-windows-x86_64-new-TK 2.0 NOTE
r-patched-linux-x86_64 2.0 2.38 40.47 42.85 NOTE
r-release-linux-x86_64 2.0 3.00 39.81 42.81 NOTE
r-release-macos-arm64 2.0 NOTE
r-release-macos-x86_64 2.0 NOTE
r-release-windows-ix86+x86_64 2.0 8.00 53.00 61.00 NOTE
r-oldrel-macos-x86_64 2.0 NOTE
r-oldrel-windows-ix86+x86_64 2.0 8.00 51.00 59.00 NOTE

Check Details

Version: 2.0
Check: R code for possible problems
Result: NOTE
    BSGS.Sample: no visible global function definition for 'rgamma'
    BSGS.Simple: no visible global function definition for 'rgamma'
    CompWiseGibbs: no visible global function definition for 'runif'
    CompWiseGibbs: no visible global function definition for 'rnorm'
    CompWiseGibbsSMP: no visible global function definition for 'rbinom'
    CompWiseGibbsSMP: no visible global function definition for 'runif'
    CompWiseGibbsSMP: no visible global function definition for 'rnorm'
    CompWiseGibbsSimple: no visible global function definition for 'runif'
    CompWiseGibbsSimple: no visible global function definition for 'rnorm'
    CompWiseGibbsSimple: no visible global function definition for 'rgamma'
    GroupMH: no visible global function definition for 'runif'
    GroupZ.MH: no visible global function definition for 'runif'
    Undefined global functions or variables:
     rbinom rgamma rnorm runif
    Consider adding
     importFrom("stats", "rbinom", "rgamma", "rnorm", "runif")
    to your NAMESPACE file.
Flavors: r-devel-linux-x86_64-debian-clang, r-devel-linux-x86_64-debian-gcc, r-devel-linux-x86_64-fedora-clang, r-devel-linux-x86_64-fedora-gcc, r-devel-windows-x86_64-new-UL, r-devel-windows-x86_64-new-TK, r-patched-linux-x86_64, r-release-linux-x86_64, r-release-macos-arm64, r-release-macos-x86_64, r-release-windows-ix86+x86_64, r-oldrel-macos-x86_64, r-oldrel-windows-ix86+x86_64