CRAN Package Check Results for Package BSW

Last updated on 2024-03-03 04:12:15 CET.

Flavor Version Tinstall Tcheck Ttotal Status Flags
r-devel-linux-x86_64-debian-clang 0.1.1 8.34 77.26 85.60 NOTE
r-devel-linux-x86_64-debian-gcc 0.1.1 6.11 58.86 64.97 NOTE
r-devel-linux-x86_64-fedora-clang 0.1.1 101.09 NOTE
r-devel-linux-x86_64-fedora-gcc 0.1.1 112.39 NOTE
r-devel-windows-x86_64 0.1.1 7.00 75.00 82.00 NOTE
r-patched-linux-x86_64 0.1.1 7.96 73.45 81.41 NOTE
r-release-linux-x86_64 0.1.1 7.44 75.23 82.67 NOTE
r-release-macos-arm64 0.1.1 40.00 NOTE
r-release-macos-x86_64 0.1.1 61.00 NOTE
r-release-windows-x86_64 0.1.1 9.00 85.00 94.00 NOTE
r-oldrel-macos-arm64 0.1.1 38.00 NOTE
r-oldrel-windows-x86_64 0.1.1 9.00 87.00 96.00 NOTE

Check Details

Version: 0.1.1
Check: LazyData
Result: NOTE 'LazyData' is specified without a 'data' directory Flavors: r-devel-linux-x86_64-debian-clang, r-devel-linux-x86_64-debian-gcc, r-devel-linux-x86_64-fedora-clang, r-devel-linux-x86_64-fedora-gcc, r-devel-windows-x86_64, r-patched-linux-x86_64, r-release-linux-x86_64, r-release-macos-arm64, r-release-macos-x86_64, r-release-windows-x86_64, r-oldrel-macos-arm64, r-oldrel-windows-x86_64