Last updated on 2023-03-28 12:54:34 CEST.
Flavor | Version | Tinstall | Tcheck | Ttotal | Status | Flags |
---|---|---|---|---|---|---|
r-devel-linux-x86_64-debian-clang | 1.0.0 | 112.81 | 73.37 | 186.18 | NOTE | |
r-devel-linux-x86_64-debian-gcc | 1.0.0 | 88.55 | 55.72 | 144.27 | NOTE | |
r-devel-linux-x86_64-fedora-clang | 1.0.0 | 323.24 | NOTE | |||
r-devel-linux-x86_64-fedora-gcc | 1.0.0 | 257.67 | NOTE | |||
r-patched-linux-x86_64 | 1.0.0 | 100.31 | 70.55 | 170.86 | NOTE | |
r-release-linux-x86_64 | 1.0.0 | 94.30 | 68.02 | 162.32 | OK | |
r-release-macos-arm64 | 1.0.0 | 91.00 | OK | |||
r-release-macos-x86_64 | 1.0.0 | 92.00 | OK | |||
r-release-windows-x86_64 | 1.0.0 | 118.00 | 102.00 | 220.00 | OK | |
r-oldrel-macos-arm64 | 1.0.0 | 88.00 | OK | |||
r-oldrel-macos-x86_64 | 1.0.0 | 85.00 | OK | |||
r-oldrel-windows-ix86+x86_64 | 1.0.0 | 289.00 | 112.00 | 401.00 | OK |
Version: 1.0.0
Check: C++ specification
Result: NOTE
Specified C++11: please drop specification unless essential
Flavors: r-devel-linux-x86_64-debian-clang, r-devel-linux-x86_64-debian-gcc, r-devel-linux-x86_64-fedora-clang, r-devel-linux-x86_64-fedora-gcc, r-patched-linux-x86_64