CRAN Package Check Results for Package BasketballAnalyzeR

Last updated on 2021-10-17 16:49:17 CEST.

Flavor Version Tinstall Tcheck Ttotal Status Flags
r-devel-linux-x86_64-debian-clang 0.5.0 14.03 169.66 183.69 OK
r-devel-linux-x86_64-debian-gcc 0.5.0 12.74 124.94 137.68 OK
r-devel-linux-x86_64-fedora-clang 0.5.0 228.45 NOTE
r-devel-linux-x86_64-fedora-gcc 0.5.0 214.97 NOTE
r-devel-windows-x86_64 0.5.0 25.00 209.00 234.00 OK
r-devel-windows-x86_64-gcc10-UCRT 0.5.0 NOTE
r-patched-linux-x86_64 0.5.0 21.09 161.94 183.03 OK
r-patched-solaris-x86 0.5.0 302.00 NOTE
r-release-linux-x86_64 0.5.0 11.85 162.32 174.17 OK
r-release-macos-arm64 0.5.0 NOTE
r-release-macos-x86_64 0.5.0 NOTE
r-release-windows-ix86+x86_64 0.5.0 33.00 209.00 242.00 OK
r-oldrel-macos-x86_64 0.5.0 NOTE
r-oldrel-windows-ix86+x86_64 0.5.0 31.00 207.00 238.00 OK

Check Details

Version: 0.5.0
Check: package dependencies
Result: NOTE
    Imports includes 25 non-default packages.
    Importing from so many packages makes the package vulnerable to any of
    them becoming unavailable. Move as many as possible to Suggests and
    use conditionally.
Flavor: r-devel-linux-x86_64-fedora-clang

Version: 0.5.0
Check: dependencies in R code
Result: NOTE
    Namespaces in Imports field not imported from:
     ‘circlize’ ‘hexbin’ ‘scales’ ‘sna’
     All declared Imports should be used.
Flavors: r-devel-linux-x86_64-fedora-clang, r-devel-linux-x86_64-fedora-gcc, r-devel-windows-x86_64-gcc10-UCRT, r-patched-solaris-x86, r-release-macos-arm64, r-release-macos-x86_64, r-oldrel-macos-x86_64