CRAN Package Check Results for Package BatchExperiments

Last updated on 2021-11-29 07:51:03 CET.

Flavor Version Tinstall Tcheck Ttotal Status Flags
r-devel-linux-x86_64-debian-clang 1.4.2 NOTE
r-devel-linux-x86_64-debian-gcc 1.4.2 4.40 111.47 115.87 NOTE
r-devel-linux-x86_64-fedora-clang 1.4.2 184.76 NOTE
r-devel-linux-x86_64-fedora-gcc 1.4.2 177.81 NOTE
r-devel-windows-x86_64-new-UL 1.4.2 15.00 238.00 253.00 NOTE
r-devel-windows-x86_64-new-TK 1.4.2 NOTE
r-devel-windows-x86_64-old 1.4.2 8.00 180.00 188.00 NOTE
r-patched-linux-x86_64 1.4.2 9.50 130.20 139.70 NOTE
r-patched-solaris-x86 1.4.2 261.60 NOTE
r-release-linux-x86_64 1.4.2 5.82 127.01 132.83 NOTE
r-release-macos-arm64 1.4.2 NOTE
r-release-macos-x86_64 1.4.2 NOTE
r-release-windows-ix86+x86_64 1.4.2 14.00 128.00 142.00 NOTE
r-oldrel-macos-x86_64 1.4.2 OK
r-oldrel-windows-ix86+x86_64 1.4.2 27.00 178.00 205.00 OK

Check Details

Version: 1.4.2
Check: LazyData
Result: NOTE
     'LazyData' is specified without a 'data' directory
Flavors: r-devel-linux-x86_64-debian-clang, r-devel-linux-x86_64-debian-gcc, r-devel-linux-x86_64-fedora-clang, r-devel-linux-x86_64-fedora-gcc, r-devel-windows-x86_64-new-UL, r-devel-windows-x86_64-new-TK, r-devel-windows-x86_64-old, r-patched-linux-x86_64, r-patched-solaris-x86, r-release-linux-x86_64, r-release-macos-arm64, r-release-macos-x86_64, r-release-windows-ix86+x86_64