CRAN Package Check Results for Package BayesBEKK

Last updated on 2021-12-03 15:52:11 CET.

Flavor Version Tinstall Tcheck Ttotal Status Flags
r-devel-linux-x86_64-debian-clang 0.1.0 5.73 57.82 63.55 NOTE
r-devel-linux-x86_64-debian-gcc 0.1.0 4.27 44.28 48.55 NOTE
r-devel-linux-x86_64-fedora-clang 0.1.0 87.86 NOTE
r-devel-linux-x86_64-fedora-gcc 0.1.0 79.68 NOTE
r-devel-windows-x86_64-new-UL 0.1.0 10.00 99.00 109.00 NOTE
r-devel-windows-x86_64-new-TK 0.1.0 NOTE
r-devel-windows-x86_64-old 0.1.0 9.00 56.00 65.00 NOTE
r-patched-linux-x86_64 0.1.0 6.31 55.06 61.37 NOTE
r-release-linux-x86_64 0.1.0 5.57 55.07 60.64 NOTE
r-release-macos-arm64 0.1.0 NOTE
r-release-macos-x86_64 0.1.0 NOTE
r-release-windows-ix86+x86_64 0.1.0 13.00 83.00 96.00 NOTE
r-oldrel-macos-x86_64 0.1.0 OK
r-oldrel-windows-ix86+x86_64 0.1.0 14.00 80.00 94.00 OK

Check Details

Version: 0.1.0
Check: LazyData
Result: NOTE
     'LazyData' is specified without a 'data' directory
Flavors: r-devel-linux-x86_64-debian-clang, r-devel-linux-x86_64-debian-gcc, r-devel-linux-x86_64-fedora-clang, r-devel-linux-x86_64-fedora-gcc, r-devel-windows-x86_64-new-UL, r-devel-windows-x86_64-new-TK, r-devel-windows-x86_64-old, r-patched-linux-x86_64, r-release-linux-x86_64, r-release-macos-arm64, r-release-macos-x86_64, r-release-windows-ix86+x86_64