Last updated on 2023-03-31 20:50:07 CEST.
Flavor | Version | Tinstall | Tcheck | Ttotal | Status | Flags |
---|---|---|---|---|---|---|
r-devel-linux-x86_64-debian-clang | 0.1.19 | 59.36 | 89.37 | 148.73 | NOTE | |
r-devel-linux-x86_64-debian-gcc | 0.1.19 | 45.66 | 68.83 | 114.49 | NOTE | |
r-devel-linux-x86_64-fedora-clang | 0.1.19 | 225.19 | NOTE | |||
r-devel-linux-x86_64-fedora-gcc | 0.1.19 | 203.60 | NOTE | |||
r-devel-windows-x86_64 | 0.1.19 | 65.00 | 134.00 | 199.00 | NOTE | |
r-patched-linux-x86_64 | 0.1.19 | 56.02 | 86.81 | 142.83 | NOTE | |
r-release-linux-x86_64 | 0.1.19 | 44.87 | 87.48 | 132.35 | NOTE | |
r-release-macos-arm64 | 0.1.19 | 69.00 | NOTE | |||
r-release-macos-x86_64 | 0.1.19 | 68.00 | NOTE | |||
r-release-windows-x86_64 | 0.1.19 | 151.00 | 139.00 | 290.00 | NOTE | |
r-oldrel-macos-arm64 | 0.1.19 | 60.00 | NOTE | |||
r-oldrel-macos-x86_64 | 0.1.19 | 74.00 | NOTE | |||
r-oldrel-windows-ix86+x86_64 | 0.1.19 | 141.00 | 148.00 | 289.00 | NOTE |
Version: 0.1.19
Check: LazyData
Result: NOTE
'LazyData' is specified without a 'data' directory
Flavors: r-devel-linux-x86_64-debian-clang, r-devel-linux-x86_64-debian-gcc, r-devel-linux-x86_64-fedora-clang, r-devel-linux-x86_64-fedora-gcc, r-devel-windows-x86_64, r-patched-linux-x86_64, r-release-linux-x86_64, r-release-macos-arm64, r-release-macos-x86_64, r-release-windows-x86_64, r-oldrel-macos-arm64, r-oldrel-macos-x86_64, r-oldrel-windows-ix86+x86_64
Version: 0.1.19
Check: dependencies in R code
Result: NOTE
Namespaces in Imports field not imported from:
‘MASS’ ‘MatrixModels’
All declared Imports should be used.
Flavors: r-devel-linux-x86_64-fedora-clang, r-devel-linux-x86_64-fedora-gcc, r-release-macos-arm64, r-release-macos-x86_64, r-oldrel-macos-arm64, r-oldrel-macos-x86_64