CRAN Package Check Results for Package BayesFactor

Last updated on 2021-10-23 05:02:27 CEST.

Flavor Version Tinstall Tcheck Ttotal Status Flags
r-devel-linux-x86_64-debian-clang 0.9.12-4.2 244.99 278.77 523.76 OK
r-devel-linux-x86_64-debian-gcc 0.9.12-4.2 183.61 210.81 394.42 OK
r-devel-linux-x86_64-fedora-clang 0.9.12-4.2 780.86 NOTE
r-devel-linux-x86_64-fedora-gcc 0.9.12-4.2 684.12 OK
r-devel-windows-x86_64 0.9.12-4.2 330.00 333.00 663.00 NOTE
r-devel-windows-x86_64-gcc10-UCRT 0.9.12-4.2 NOTE
r-patched-linux-x86_64 0.9.12-4.2 226.23 271.17 497.40 OK
r-patched-solaris-x86 0.9.12-4.2 788.00 NOTE
r-release-linux-x86_64 0.9.12-4.2 208.86 273.35 482.21 OK
r-release-macos-arm64 0.9.12-4.2 NOTE
r-release-macos-x86_64 0.9.12-4.2 NOTE
r-release-windows-ix86+x86_64 0.9.12-4.2 453.00 313.00 766.00 NOTE
r-oldrel-macos-x86_64 0.9.12-4.2 NOTE
r-oldrel-windows-ix86+x86_64 0.9.12-4.2 632.00 419.00 1051.00 NOTE

Check Details

Version: 0.9.12-4.2
Check: installed package size
Result: NOTE
     installed size is 20.8Mb
     sub-directories of 1Mb or more:
     doc 5.4Mb
     libs 14.2Mb
Flavors: r-devel-linux-x86_64-fedora-clang, r-devel-windows-x86_64, r-patched-solaris-x86, r-release-macos-arm64, r-release-macos-x86_64, r-release-windows-ix86+x86_64, r-oldrel-macos-x86_64, r-oldrel-windows-ix86+x86_64

Version: 0.9.12-4.2
Check: package dependencies
Result: NOTE
    Package suggested but not available for checking: 'doMC'
Flavors: r-devel-windows-x86_64, r-devel-windows-x86_64-gcc10-UCRT, r-release-windows-ix86+x86_64, r-oldrel-windows-ix86+x86_64