CRAN Package Check Results for Package BayesMallows

Last updated on 2024-03-02 11:49:27 CET.

Flavor Version Tinstall Tcheck Ttotal Status Flags
r-devel-linux-x86_64-debian-clang 2.0.1 359.00 310.97 669.97 OK
r-devel-linux-x86_64-debian-gcc 2.0.1 284.79 234.71 519.50 OK
r-devel-linux-x86_64-fedora-clang 2.0.1 979.09 OK
r-devel-linux-x86_64-fedora-gcc 2.0.1 975.20 OK
r-devel-windows-x86_64 2.0.1 266.00 322.00 588.00 NOTE
r-patched-linux-x86_64 2.0.1 331.73 304.04 635.77 OK
r-release-linux-x86_64 2.0.1 356.46 306.91 663.37 OK
r-release-macos-arm64 2.0.1 197.00 NOTE
r-release-macos-x86_64 2.0.1 423.00 NOTE
r-release-windows-x86_64 2.0.1 347.00 370.00 717.00 NOTE
r-oldrel-macos-arm64 2.0.1 193.00 NOTE
r-oldrel-windows-x86_64 2.0.1 346.00 358.00 704.00 OK

Check Details

Version: 2.0.1
Check: installed package size
Result: NOTE installed size is 5.0Mb sub-directories of 1Mb or more: doc 2.7Mb libs 1.6Mb Flavors: r-devel-windows-x86_64, r-release-macos-arm64, r-release-macos-x86_64, r-release-windows-x86_64, r-oldrel-macos-arm64